000
CDUS42 KMFL 040829
CLIPBI


CLIMATE REPORT
NATIONAL WEATHER SERVICE MIAMI, FL
429 AM EDT MON MAY 4 2015


...................................

...THE WEST PALM BEACH CLIMATE SUMMARY FOR MAY 3 2015...

CLIMATE NORMAL PERIOD 1981 TO 2010
CLIMATE RECORD PERIOD 1888 TO 2015


WEATHER ITEM   OBSERVED TIME   RECORD YEAR NORMAL DEPARTURE LAST
                VALUE   (LST)  VALUE       VALUE  FROM      YEAR
                                                  NORMAL
..................................................................
TEMPERATURE (F)
 YESTERDAY
  MAXIMUM         81    127 PM  91    1986  84     -3       85
                                      1985
                                      1964
  MINIMUM         73   1159 PM  55    1925  69      4       71
  AVERAGE         77                        76      1       78

PRECIPITATION (IN)
  YESTERDAY        T             4.20 1963   0.09  -0.09     0.20
  MONTH TO DATE    T                         0.25  -0.25     0.31
  SINCE NOV 1     15.89                     22.58  -6.69    22.35
  SINCE JAN 1     12.19                     14.45  -2.26    15.23

SNOWFALL (IN)
  YESTERDAY        0.0
  MONTH TO DATE    0.0
  SINCE MAR 1      0.0
  SINCE JUL 1      0.0
  SNOW DEPTH       0

DEGREE DAYS
 HEATING
  YESTERDAY        0                         0      0        0
  MONTH TO DATE    0                         0      0        0
  SINCE MAR 1      2                        28    -26        7
  SINCE JUL 1    126                       233   -107      122

 COOLING
  YESTERDAY       12                        11      1       13
  MONTH TO DATE   31                        33     -2       47
  SINCE MAR 1    818                       493    325      590
  SINCE JAN 1   1096                       728    368      936
..................................................................


WIND (MPH)
  HIGHEST WIND SPEED    22   HIGHEST WIND DIRECTION     E (90)
  HIGHEST GUST SPEED    28   HIGHEST GUST DIRECTION     E (90)
  AVERAGE WIND SPEED    13.8


SKY COVER
  AVERAGE SKY COVER 0.6


WEATHER CONDITIONS
 THE FOLLOWING WEATHER WAS RECORDED YESTERDAY.
  LIGHT RAIN


RELATIVE HUMIDITY (PERCENT)
 HIGHEST    57
 LOWEST     42
 AVERAGE    50

..........................................................


THE WEST PALM BEACH CLIMATE NORMALS FOR TODAY
                         NORMAL    RECORD    YEAR
 MAXIMUM TEMPERATURE (F)   84        94      1915
 MINIMUM TEMPERATURE (F)   69        48      1921


SUNRISE AND SUNSET
MAY  4 2015...........SUNRISE   640 AM EDT   SUNSET   754 PM EDT
MAY  5 2015...........SUNRISE   640 AM EDT   SUNSET   755 PM EDT


-  INDICATES NEGATIVE NUMBERS.
R  INDICATES RECORD WAS SET OR TIED.
MM INDICATES DATA IS MISSING.
T  INDICATES TRACE AMOUNT.




$$
