000
CDUS43 KUNR 060847
CLIPHP


CLIMATE REPORT
NATIONAL WEATHER SERVICE RAPID CITY SD
247 AM MDT WED MAY 6 2015


...................................

...THE PHILIP SD CLIMATE SUMMARY FOR MAY 5 2015...

CLIMATE NORMAL PERIOD 1981 TO 2010
CLIMATE RECORD PERIOD 9999 TO 9999


WEATHER ITEM   OBSERVED TIME   NORMAL DEPARTURE LAST
                VALUE   (LST)  VALUE  FROM      YEAR
                                      NORMAL
......................................................
TEMPERATURE (F)
 YESTERDAY
  MAXIMUM         70    257 PM  67      3       71
  MINIMUM         37    412 AM  40     -3       32
  AVERAGE         54            53      1       52

PRECIPITATION (IN)
  YESTERDAY        T             0.09  -0.09     0.00
  MONTH TO DATE    T             0.47  -0.47     0.01
  SINCE MAR 1      0.43          3.58  -3.15     1.97
  SINCE JAN 1      0.54          4.36  -3.82     2.45

DEGREE DAYS
 HEATING
  YESTERDAY       11            12     -1       13
  MONTH TO DATE   35            63    -28       76
  SINCE MAR 1   1266          1565   -299     1635
  SINCE JUL 1   6406          6930   -524     7238

 COOLING
  YESTERDAY        0             0      0        0
  MONTH TO DATE    2             0      2        0
  SINCE MAR 1      5             3      2        0
  SINCE JAN 1      5             3      2        0
......................................................


WIND (MPH)
  HIGHEST WIND SPEED    24   HIGHEST WIND DIRECTION    SE (140)
  HIGHEST GUST SPEED    29   HIGHEST GUST DIRECTION    SE (140)
  AVERAGE WIND SPEED    10.0


SKY COVER
  AVERAGE SKY COVER 0.8


WEATHER CONDITIONS
 THE FOLLOWING WEATHER WAS RECORDED YESTERDAY.
  LIGHT RAIN


RELATIVE HUMIDITY (PERCENT)
 HIGHEST    93          1100 PM
 LOWEST     49          1200 AM
 AVERAGE    71

..........................................................




SUNRISE AND SUNSET
MAY  6 2015...........SUNRISE   531 AM MDT   SUNSET   755 PM MDT
MAY  7 2015...........SUNRISE   530 AM MDT   SUNSET   757 PM MDT


-  INDICATES NEGATIVE NUMBERS.
R  INDICATES RECORD WAS SET OR TIED.
MM INDICATES DATA IS MISSING.
T  INDICATES TRACE AMOUNT.




$$
