000
CDUS45 KPSR 060845
CLIPHX

CDUS45 KPSR DDHHMM
CLIPHX

CLIMATE REPORT
NATIONAL WEATHER SERVICE PHOENIX AZ
141 AM MST WED MAY 6 2015

...................................

...THE PHOENIX AZ CLIMATE SUMMARY FOR MAY 5 2015...

CLIMATE NORMAL PERIOD 1981 TO 2010
CLIMATE RECORD PERIOD 1895 TO 2015


WEATHER ITEM   OBSERVED TIME   RECORD YEAR NORMAL DEPARTURE LAST
                VALUE   (LST)  VALUE       VALUE  FROM      YEAR
                                                  NORMAL
..................................................................
TEMPERATURE (F)
 YESTERDAY
  MAXIMUM         86    457 PM 105    1989  91     -5       98
                                      1947
  MINIMUM         67    716 AM  45    1964  66      1       70
                                      1905
  AVERAGE         77                        79     -2       84

PRECIPITATION (IN)
  YESTERDAY        0.00          0.46 1930   0.00   0.00     0.00
  MONTH TO DATE    0.24                      0.02   0.22     0.00
  SINCE OCT 1      2.61                      5.23  -2.62     3.81
  SINCE JAN 1      1.57                      3.12  -1.55     0.99

SNOWFALL (IN)
  YESTERDAY        0.0
  MONTH TO DATE    0.0
  SINCE JAN 1      0.0
  SINCE JUL 1      0.0
  SNOW DEPTH       0

DEGREE DAYS
 HEATING
  YESTERDAY        0                         0      0        0
  MONTH TO DATE    0                         0      0        0
  SINCE MAR 1     25                       101    -76       12
  SINCE JUL 1    520                       934   -414      546

 COOLING
  YESTERDAY       12                        14     -2       19
  MONTH TO DATE   84                        67     17       91
  SINCE MAR 1    626                       405    221      534
  SINCE JAN 1    674                       422    252      596
..................................................................


WIND (MPH)
  HIGHEST WIND SPEED    15   HIGHEST WIND DIRECTION     W (280)
  HIGHEST GUST SPEED    20   HIGHEST GUST DIRECTION     W (280)
  AVERAGE WIND SPEED     6.7


SKY COVER
  AVERAGE SKY COVER 0.6


WEATHER CONDITIONS
 THE FOLLOWING WEATHER WAS RECORDED YESTERDAY.
  NO SIGNIFICANT WEATHER WAS OBSERVED.


RELATIVE HUMIDITY (PERCENT)
 HIGHEST    63          1200 AM
 LOWEST     25           600 PM
 AVERAGE    44

..........................................................


THE PHOENIX AZ CLIMATE NORMALS FOR TODAY
                         NORMAL    RECORD    YEAR
 MAXIMUM TEMPERATURE (F)   92       105      1947
 MINIMUM TEMPERATURE (F)   67        44      1964


SUNRISE AND SUNSET
MAY  6 2015...........SUNRISE   535 AM MST   SUNSET   715 PM MST
MAY  7 2015...........SUNRISE   534 AM MST   SUNSET   715 PM MST


-  INDICATES NEGATIVE NUMBERS.
R  INDICATES RECORD WAS SET OR TIED.
MM INDICATES DATA IS MISSING.
T  INDICATES TRACE AMOUNT.

&&
.....................................................................

DEW POINT
  HIGHEST DEW POINT    54
   LOWEST DEW POINT    45
  AVERAGE DEW POINT    50
.....................................................................

$$
