000
CDUS43 KILX 242127
CLIPIA


CLIMATE REPORT
NATIONAL WEATHER SERVICE LINCOLN IL
427 PM CDT FRI APR 24 2015


...................................

...THE PEORIA IL CLIMATE SUMMARY FOR APRIL 24 2015...
VALID TODAY AS OF 0400 PM LOCAL TIME.

CLIMATE NORMAL PERIOD 1981 TO 2010
CLIMATE RECORD PERIOD 1883 TO 2015


WEATHER ITEM   OBSERVED TIME   RECORD YEAR NORMAL DEPARTURE LAST
                VALUE   (LST)  VALUE       VALUE  FROM      YEAR
                                                  NORMAL
..................................................................
TEMPERATURE (F)
 TODAY
  MAXIMUM         66    153 PM  85    1990  66      0       73
                                      1948
                                      1925
  MINIMUM         36    405 AM  22    1910  45     -9       50
  AVERAGE         51                        56     -5       62

PRECIPITATION (IN)
  TODAY            0.00          5.06 1950   0.13  -0.13     0.10
  MONTH TO DATE    2.48                      2.85  -0.37     2.82
  SINCE MAR 1      3.13                      5.65  -2.52     4.76
  SINCE JAN 1      6.85                      9.22  -2.37     9.63

SNOWFALL (IN)
  TODAY            0.0           0.4  1910   0.0    0.0      0.0
  MONTH TO DATE    0.0                       0.6   -0.6      0.3
  SINCE MAR 1      2.7                       3.3   -0.6      7.4
  SINCE JUL 1     27.0                      24.6    2.4     57.6
  SNOW DEPTH       0

DEGREE DAYS
 HEATING
  TODAY           14                        10      4        3
  MONTH TO DATE  206                       340   -134      316
  SINCE MAR 1    949                      1096   -147     1250
  SINCE JUL 1   5655                      5612     43     6429

 COOLING
  TODAY            0                         1     -1        0
  MONTH TO DATE   11                         7      4        6
  SINCE MAR 1     11                         8      3        6
  SINCE JAN 1     11                         8      3        6
..................................................................


WIND (MPH)
  HIGHEST WIND SPEED    20   HIGHEST WIND DIRECTION    SE (150)
  HIGHEST GUST SPEED    30   HIGHEST GUST DIRECTION     S (160)
  AVERAGE WIND SPEED     7.0


SKY COVER
  POSSIBLE SUNSHINE  MM
  AVERAGE SKY COVER 0.7


WEATHER CONDITIONS
 THE FOLLOWING WEATHER WAS RECORDED TODAY.
  NO SIGNIFICANT WEATHER WAS OBSERVED.


RELATIVE HUMIDITY (PERCENT)
 HIGHEST    70           400 AM
 LOWEST     22          1100 AM
 AVERAGE    46

..........................................................


THE PEORIA IL CLIMATE NORMALS FOR TOMORROW
                         NORMAL    RECORD    YEAR
 MAXIMUM TEMPERATURE (F)   67        92      1986
 MINIMUM TEMPERATURE (F)   45        28      1934
                                             1919


SUNRISE AND SUNSET
APRIL 24 2015.........SUNRISE   607 AM CDT   SUNSET   747 PM CDT
APRIL 25 2015.........SUNRISE   606 AM CDT   SUNSET   748 PM CDT


-  INDICATES NEGATIVE NUMBERS.
R  INDICATES RECORD WAS SET OR TIED.
MM INDICATES DATA IS MISSING.
T  INDICATES TRACE AMOUNT.




$$
