000
CDUS41 KRLX 242125
CLIPKB


CLIMATE REPORT
NATIONAL WEATHER SERVICE CHARLESTON WV
525 PM EDT FRI APR 24 2015


...................................

...THE PARKERSBURG WV CLIMATE SUMMARY FOR APRIL 24 2015...
VALID TODAY AS OF 0500 PM LOCAL TIME.

CLIMATE NORMAL PERIOD 1981 TO 2010
CLIMATE RECORD PERIOD 1889 TO 2015


WEATHER ITEM   OBSERVED TIME   RECORD YEAR NORMAL DEPARTURE LAST
                VALUE   (LST)  VALUE       VALUE  FROM      YEAR
                                                  NORMAL
..................................................................
TEMPERATURE (F)
 TODAY
  MAXIMUM         61    357 PM  93    1925  69     -8       67
  MINIMUM         28R   616 AM  28    1986  45    -17       35
  AVERAGE         45                        57    -12       51

PRECIPITATION (IN)
  TODAY            0.00          T    2002   0.12  -0.12     0.00
                                      2001
  MONTH TO DATE    6.26                      2.61   3.65     2.04
  SINCE MAR 1     11.85                      6.34   5.51     3.56
  SINCE JAN 1     15.74                     11.99   3.75     7.45

DEGREE DAYS
 HEATING
  TODAY           20                         9     11       14
  MONTH TO DATE  216                       296    -80      236
  SINCE MAR 1    957                       967    -10      821
  SINCE JUL 1   5175                      4757    418     4584

 COOLING
  TODAY            0                         1     -1        0
  MONTH TO DATE   12                        14     -2        5
  SINCE MAR 1     12                        17     -5        5
  SINCE JAN 1     12                        17     -5        5
..................................................................


WIND (MPH)
  HIGHEST WIND SPEED    14   HIGHEST WIND DIRECTION     W (290)
  HIGHEST GUST SPEED    25   HIGHEST GUST DIRECTION     W (280)
  AVERAGE WIND SPEED     4.1


SKY COVER
  POSSIBLE SUNSHINE  MM
  AVERAGE SKY COVER 0.0


WEATHER CONDITIONS
 THE FOLLOWING WEATHER WAS RECORDED TODAY.
  NO SIGNIFICANT WEATHER WAS OBSERVED.


RELATIVE HUMIDITY (PERCENT)
 HIGHEST    92           500 AM
 LOWEST     20           400 PM
 AVERAGE    56

..........................................................


THE PARKERSBURG WV CLIMATE NORMALS FOR TOMORROW
                         NORMAL    RECORD    YEAR
 MAXIMUM TEMPERATURE (F)   69        91      1915
 MINIMUM TEMPERATURE (F)   45        30      1919


SUNRISE AND SUNSET
APRIL 24 2015.........SUNRISE   636 AM EDT   SUNSET   812 PM EDT
APRIL 25 2015.........SUNRISE   635 AM EDT   SUNSET   813 PM EDT


-  INDICATES NEGATIVE NUMBERS.
R  INDICATES RECORD WAS SET OR TIED.
MM INDICATES DATA IS MISSING.
T  INDICATES TRACE AMOUNT.




$$
