000
CDUS46 KLOX 010914
CLIPMD


CLIMATE REPORT
NATIONAL WEATHER SERVICE LOS ANGELES/OXNARD CA
214 AM PDT WED APR 1 2015


...................................

...THE PALMDALE AIRPORT CA CLIMATE SUMMARY FOR MARCH 31 2015...

CLIMATE NORMAL PERIOD 1981 TO 2010
CLIMATE RECORD PERIOD 1931 TO 2015


WEATHER ITEM   OBSERVED TIME   RECORD YEAR NORMAL DEPARTURE LAST
                VALUE   (LST)  VALUE       VALUE  FROM      YEAR
                                                  NORMAL
..................................................................
TEMPERATURE (F)
 YESTERDAY
  MAXIMUM         77   1134 AM  87    2002  69      8       66
  MINIMUM         53    605 AM  25    1938  40     13       39
  AVERAGE         65                        55     10       53

PRECIPITATION (IN)
  YESTERDAY        0.00          0.85 1946   0.02  -0.02     0.02
  MONTH TO DATE    0.36                      1.22  -0.86     0.57
  SINCE OCT 1      4.04                      6.96  -2.92     3.90
  SINCE JAN 1      1.47                      4.51  -3.04     1.96

SNOWFALL (IN)
  YESTERDAY        0.0           T    1967  MM              MM
  MONTH TO DATE    0.0                      MM               0.0
  SINCE MAR 1      0.0                      MM               0.0
  SINCE JUL 1      0.0                      MM               0.0
  SNOW DEPTH       0

DEGREE DAYS
 HEATING
  YESTERDAY        0                        11    -11       12
  MONTH TO DATE  184                       376   -192      263
  SINCE MAR 1    184                       376   -192      263
  SINCE JUL 1   1839                      2621   -782     2161

 COOLING
  YESTERDAY        0                         0      0        0
  MONTH TO DATE    8                         2      6        0
  SINCE MAR 1      8                         2      6        0
  SINCE JAN 1      8                         2      6        1
..................................................................


WIND (MPH)
  HIGHEST WIND SPEED    37   HIGHEST WIND DIRECTION    NW (300)
  HIGHEST GUST SPEED    42   HIGHEST GUST DIRECTION     W (290)
  AVERAGE WIND SPEED    18.6


SKY COVER
  POSSIBLE SUNSHINE  MM
  AVERAGE SKY COVER 0.0


WEATHER CONDITIONS
 THE FOLLOWING WEATHER WAS RECORDED YESTERDAY.
  NO SIGNIFICANT WEATHER WAS OBSERVED.


RELATIVE HUMIDITY (PERCENT)
 HIGHEST    45           500 AM
 LOWEST     13           300 PM
 AVERAGE    29

..........................................................


THE PALMDALE AIRPORT CA CLIMATE NORMALS FOR TODAY
                         NORMAL    RECORD    YEAR
 MAXIMUM TEMPERATURE (F)   69        92      1966
 MINIMUM TEMPERATURE (F)   41        27      1971


SUNRISE AND SUNSET
APRIL  1 2015.........SUNRISE   640 AM PDT   SUNSET   713 PM PDT
APRIL  2 2015.........SUNRISE   638 AM PDT   SUNSET   714 PM PDT


-  INDICATES NEGATIVE NUMBERS.
R  INDICATES RECORD WAS SET OR TIED.
MM INDICATES DATA IS MISSING.
T  INDICATES TRACE AMOUNT.




$$
