000
CDUS46 KLOX 190903
CLIPRB


CLIMATE REPORT
NATIONAL WEATHER SERVICE LOS ANGELES/OXNARD CA
202 AM PDT SUN APR 19 2015


...................................

...THE PASO ROBLES AIRPORT CA CLIMATE SUMMARY FOR APRIL 18 2015...

CLIMATE NORMAL PERIOD 1981 TO 2010
CLIMATE RECORD PERIOD 1948 TO 2015


WEATHER ITEM   OBSERVED TIME   RECORD YEAR NORMAL DEPARTURE LAST
                VALUE   (LST)  VALUE       VALUE  FROM      YEAR
                                                  NORMAL
..................................................................
TEMPERATURE (F)
 YESTERDAY
  MAXIMUM         87    247 PM  93    1989  73     14       73
  MINIMUM         42    555 AM  30    1975  41      1       48
  AVERAGE         65                        57      8       61

PRECIPITATION (IN)
  YESTERDAY        0.00          0.51 1981   0.02  -0.02     0.00
  MONTH TO DATE    0.43                      0.48  -0.05     0.32
  SINCE OCT 1      8.48                     11.97  -3.49     4.90
  SINCE JAN 1      2.76                      8.31  -5.55     4.44

SNOWFALL (IN)
  YESTERDAY        0.0
  MONTH TO DATE    0.0
  SINCE MAR 1      0.0
  SINCE JUL 1      0.0

DEGREE DAYS
 HEATING
  YESTERDAY        0                         8     -8        4
  MONTH TO DATE  134                       171    -37       96
  SINCE MAR 1    296                       537   -241      326
  SINCE JUL 1   1656                      2630   -974     2031

 COOLING
  YESTERDAY        0                         0      0        0
  MONTH TO DATE    0                         0      0        8
  SINCE MAR 1     21                         0     21        8
  SINCE JAN 1     21                         0     21        8
..................................................................


WIND (MPH)
  HIGHEST WIND SPEED    17   HIGHEST WIND DIRECTION     S (200)
  HIGHEST GUST SPEED    21   HIGHEST GUST DIRECTION     S (200)
  AVERAGE WIND SPEED     4.5


SKY COVER
  POSSIBLE SUNSHINE  MM
  AVERAGE SKY COVER 0.0


WEATHER CONDITIONS
 THE FOLLOWING WEATHER WAS RECORDED YESTERDAY.
  NO SIGNIFICANT WEATHER WAS OBSERVED.


RELATIVE HUMIDITY (PERCENT)
 HIGHEST    66          1100 PM
 LOWEST     10           100 PM
 AVERAGE    38

..........................................................


THE PASO ROBLES AIRPORT CA CLIMATE NORMALS FOR TODAY
                         NORMAL    RECORD    YEAR
 MAXIMUM TEMPERATURE (F)   73        95      2009
 MINIMUM TEMPERATURE (F)   41        27      1972


SUNRISE AND SUNSET
APRIL 19 2015.........SUNRISE   625 AM PDT   SUNSET   739 PM PDT
APRIL 20 2015.........SUNRISE   624 AM PDT   SUNSET   740 PM PDT


-  INDICATES NEGATIVE NUMBERS.
R  INDICATES RECORD WAS SET OR TIED.
MM INDICATES DATA IS MISSING.
T  INDICATES TRACE AMOUNT.




$$
