000
CDUS41 KBOX 180540
CLIPVD


CLIMATE REPORT
NATIONAL WEATHER SERVICE TAUNTON MA
138 AM EDT SAT APR 18 2015


...................................

...THE PROVIDENCE RI CLIMATE SUMMARY FOR APRIL 17 2015...

CLIMATE NORMAL PERIOD 1981 TO 2010
CLIMATE RECORD PERIOD 1904 TO 2015


WEATHER ITEM   OBSERVED TIME   RECORD YEAR NORMAL DEPARTURE LAST
                VALUE   (LST)  VALUE       VALUE  FROM      YEAR
                                                  NORMAL
..................................................................
TEMPERATURE (F)
 YESTERDAY
  MAXIMUM         64    611 PM  93    2002  59      5       46
                                      1976
  MINIMUM         45    103 AM  23    1908  40      5       31
  AVERAGE         55                        50      5       39

PRECIPITATION (IN)
  YESTERDAY        0.17          2.33 1954   0.14   0.03     0.00
  MONTH TO DATE    1.30                      2.65  -1.35     3.38
  SINCE MAR 1      5.70                      7.66  -1.96    10.36
  SINCE JAN 1     12.05                     14.81  -2.76    18.76

SNOWFALL (IN)
  YESTERDAY       MM             0.5  1935   0.0   MM        0.0
  MONTH TO DATE    T                         0.5   -0.5      0.3
  SINCE MAR 1     16.3                       6.0   10.3      1.5
  SINCE JUL 1     76.2                      33.7   42.5     43.6
  SNOW DEPTH       0

DEGREE DAYS
 HEATING
  YESTERDAY       10                        15     -5       26
  MONTH TO DATE  302                       308     -6      272
  SINCE MAR 1   1294                      1117    177     1226
  SINCE JUL 1   5656                      5179    477     5498

 COOLING
  YESTERDAY        0                         0      0        0
  MONTH TO DATE    0                         0      0        0
  SINCE MAR 1      0                         0      0        0
  SINCE JAN 1      0                         0      0        0
..................................................................


WIND (MPH)
  RESULTANT WIND SPEED   7   RESULTANT WIND DIRECTION  SW (220)
  HIGHEST WIND SPEED    18   HIGHEST WIND DIRECTION     W (250)
  HIGHEST GUST SPEED    26   HIGHEST GUST DIRECTION    SW (210)
  AVERAGE WIND SPEED     8.1


SKY COVER
  POSSIBLE SUNSHINE  MM
  AVERAGE SKY COVER 0.5


WEATHER CONDITIONS
 THE FOLLOWING WEATHER WAS RECORDED YESTERDAY.
  LIGHT RAIN
  FOG


RELATIVE HUMIDITY (PERCENT)
 HIGHEST    96           900 PM
 LOWEST     64           500 AM
 AVERAGE    80

..........................................................


THE PROVIDENCE RI CLIMATE NORMALS FOR TODAY
                         NORMAL    RECORD    YEAR
 MAXIMUM TEMPERATURE (F)   60        86      1976
 MINIMUM TEMPERATURE (F)   41        27      1948


SUNRISE AND SUNSET
APRIL 18 2015.........SUNRISE   601 AM EDT   SUNSET   729 PM EDT
APRIL 19 2015.........SUNRISE   600 AM EDT   SUNSET   731 PM EDT


-  INDICATES NEGATIVE NUMBERS.
R  INDICATES RECORD WAS SET OR TIED.
MM INDICATES DATA IS MISSING.
T  INDICATES TRACE AMOUNT.




$$
