000
CDUS46 KPDT 050030
CLIRDM

CLIMATE REPORT
NATIONAL WEATHER SERVICE PENDLETON OR
530 PM PDT MON MAY 4 2015


...................................

...THE REDMOND OR CLIMATE SUMMARY FOR MAY 4 2015...
VALID TODAY AS OF 0500 PM LOCAL TIME.

CLIMATE NORMAL PERIOD 1981 TO 2010
CLIMATE RECORD PERIOD 1949 TO 2015


WEATHER ITEM   OBSERVED TIME   RECORD YEAR NORMAL DEPARTURE LAST
                VALUE   (LST)  VALUE       VALUE  FROM      YEAR
                                                  NORMAL
..................................................................
TEMPERATURE (F)
 TODAY
  MAXIMUM         76    115 PM  91    1966  64     12       57
  MINIMUM         29    525 AM  16    1962  33     -4       38
  AVERAGE         53                        48      5       48

PRECIPITATION (IN)
  TODAY            0.00          0.63 1995   0.03  -0.03     0.09
  MONTH TO DATE    0.00                      0.11  -0.11     0.09
  SINCE OCT 1      5.81                      5.88  -0.07     3.89
  SINCE JAN 1      1.53                      3.12  -1.59     3.18

DEGREE DAYS
 HEATING
  TODAY           12                        17     -5       17
  MONTH TO DATE   49                        69    -20       39
  SINCE MAR 1   1327                      1467   -140     1341
  SINCE JUL 1   5360                      6140   -780     6134

 COOLING
  TODAY            0                         0      0        0
  MONTH TO DATE    0                         0      0        0
  SINCE MAR 1      0                         0      0        0
  SINCE JAN 1      0                         0      0        0
..................................................................


WIND (MPH)
  RESULTANT WIND SPEED   4   RESULTANT WIND DIRECTION  NW (320)
  HIGHEST WIND SPEED    26   HIGHEST WIND DIRECTION     W (290)
  HIGHEST GUST SPEED    34   HIGHEST GUST DIRECTION     W (290)
  AVERAGE WIND SPEED     8.1


SKY COVER
  POSSIBLE SUNSHINE  MM
  AVERAGE SKY COVER 0.0


WEATHER CONDITIONS
 THE FOLLOWING WEATHER WAS RECORDED TODAY.
  NO SIGNIFICANT WEATHER WAS OBSERVED.


RELATIVE HUMIDITY (PERCENT)
 HIGHEST    75           500 AM
 LOWEST     15           100 PM
 AVERAGE    45

..........................................................


THE REDMOND OR CLIMATE NORMALS FOR TOMORROW
                         NORMAL    RECORD    YEAR
 MAXIMUM TEMPERATURE (F)   64        89      1992
 MINIMUM TEMPERATURE (F)   33        19      1978


SUNRISE AND SUNSET
MAY  4 2015...........SUNRISE   552 AM PDT   SUNSET   812 PM PDT
MAY  5 2015...........SUNRISE   550 AM PDT   SUNSET   813 PM PDT


-  INDICATES NEGATIVE NUMBERS.
R  INDICATES RECORD WAS SET OR TIED.
MM INDICATES DATA IS MISSING.
T  INDICATES TRACE AMOUNT.


$$
