000
CDUS43 KGRB 030738
CLIRHI


CLIMATE REPORT
NATIONAL WEATHER SERVICE GREEN BAY
236 AM CDT SUN MAY 3 2015


...................................

...THE RHINELANDER WI CLIMATE SUMMARY FOR MAY 2 2015...

CLIMATE NORMAL PERIOD 1981 TO 2010
CLIMATE RECORD PERIOD 1908 TO 2015


WEATHER ITEM   OBSERVED TIME   RECORD YEAR NORMAL DEPARTURE LAST
                VALUE   (LST)  VALUE       VALUE  FROM      YEAR
                                                  NORMAL
..................................................................
TEMPERATURE (F)
 YESTERDAY
  MAXIMUM         76    309 PM  90    1959  61     15       52
  MINIMUM         51   1210 AM  18    1911  36     15       36
  AVERAGE         64                        49     15       44

PRECIPITATION (IN)
  YESTERDAY        0.00          1.55 1973   0.11  -0.11     0.11
  MONTH TO DATE    0.00                      0.21  -0.21     0.31
  SINCE MAR 1      4.02                      4.36  -0.34     5.93
  SINCE JAN 1      4.91                      6.40  -1.49     8.54

SNOWFALL (IN)
  YESTERDAY        0.0           0.5  1966  MM     MM        0.0
  MONTH TO DATE    0.0                      MM     MM        0.0
  SINCE MAR 1     20.4                      MM     MM       37.7
  SINCE JUL 1     89.3                      MM     MM      110.2
  SNOW DEPTH       0

DEGREE DAYS
 HEATING
  YESTERDAY        1                        17    -16       21
  MONTH TO DATE   15                        34    -19       45
  SINCE MAR 1   1830                      1912    -82     2383
  SINCE JUL 1   9171                      8534    637    10012

 COOLING
  YESTERDAY        0                         0      0        0
  MONTH TO DATE    0                         0      0        0
  SINCE MAR 1      0                         1     -1        0
  SINCE JAN 1      0                         1     -1        0
..................................................................


WIND (MPH)
  HIGHEST WIND SPEED    21   HIGHEST WIND DIRECTION    SW (220)
  HIGHEST GUST SPEED    27   HIGHEST GUST DIRECTION    SW (220)
  AVERAGE WIND SPEED     9.1


SKY COVER
  POSSIBLE SUNSHINE  MM
  AVERAGE SKY COVER 0.3


WEATHER CONDITIONS
 THE FOLLOWING WEATHER WAS RECORDED YESTERDAY.
  NO SIGNIFICANT WEATHER WAS OBSERVED.


RELATIVE HUMIDITY (PERCENT)
 HIGHEST    63          1200 AM
 LOWEST     27           200 PM
 AVERAGE    45

..........................................................


THE RHINELANDER WI CLIMATE NORMALS FOR TODAY
                         NORMAL    RECORD    YEAR
 MAXIMUM TEMPERATURE (F)   62        90      1959
 MINIMUM TEMPERATURE (F)   36        19      2004
                                             1926
                                             1909


SUNRISE AND SUNSET
MAY  3 2015...........SUNRISE   543 AM CDT   SUNSET   807 PM CDT
MAY  4 2015...........SUNRISE   542 AM CDT   SUNSET   808 PM CDT


-  INDICATES NEGATIVE NUMBERS.
R  INDICATES RECORD WAS SET OR TIED.
MM INDICATES DATA IS MISSING.
T  INDICATES TRACE AMOUNT.

$$
