000
CDUS46 KSGX 190018
CLIRNM


CLIMATE REPORT
NATIONAL WEATHER SERVICE SAN DIEGO, CA
518 PM PDT SAT APR 18 2015


...................................

...THE RAMONA AIRPORT CA CLIMATE SUMMARY FOR APRIL 18 2015...
VALID TODAY AS OF 0500 PM LOCAL TIME.

CLIMATE NORMAL PERIOD 1981 TO 2010
CLIMATE RECORD PERIOD 1974 TO 2015


WEATHER ITEM   OBSERVED TIME   RECORD YEAR NORMAL DEPARTURE LAST
                VALUE   (LST)  VALUE       VALUE  FROM      YEAR
                                                  NORMAL
..................................................................
TEMPERATURE (F)
 TODAY
  MAXIMUM         80    147 PM  91    1999  71      9       74
  MINIMUM         37    515 AM  31    2013  42     -5       52
  AVERAGE         59                        56      3       63

PRECIPITATION (IN)
  TODAY            0.00          1.37 1995   0.05  -0.05     0.00
  MONTH TO DATE    0.05                      0.82  -0.77     0.46
  SINCE OCT 1      7.49                     14.47  -6.98     7.23
  SINCE JAN 1      2.89                     10.33  -7.44     4.56

SNOWFALL (IN)
  TODAY            0.0
  MONTH TO DATE    0.0
  SINCE MAR 1      0.0
  SINCE JUL 1      0.0
  SNOW DEPTH       0

DEGREE DAYS
 HEATING
  TODAY            6                         9     -3        2
  MONTH TO DATE  129                       183    -54      129
  SINCE MAR 1    322                       558   -236      375
  SINCE JUL 1   1506                      2299   -793     1796

 COOLING
  TODAY            0                         0      0        0
  MONTH TO DATE    0                         0      0        3
  SINCE MAR 1      7                         0      7        3
  SINCE JAN 1      9                         1      8        3
..................................................................


WIND (MPH)
  RESULTANT WIND SPEED   4   RESULTANT WIND DIRECTION   W (280)
  HIGHEST WIND SPEED    15   HIGHEST WIND DIRECTION     W (280)
  HIGHEST GUST SPEED    20   HIGHEST GUST DIRECTION     W (280)
  AVERAGE WIND SPEED     5.0


SKY COVER
  POSSIBLE SUNSHINE  MM
  AVERAGE SKY COVER 0.0


WEATHER CONDITIONS
 THE FOLLOWING WEATHER WAS RECORDED TODAY.
  NO SIGNIFICANT WEATHER WAS OBSERVED.


RELATIVE HUMIDITY (PERCENT)
 HIGHEST    64           500 AM
 LOWEST     12           900 AM
 AVERAGE    38

..........................................................


THE RAMONA AIRPORT CA CLIMATE NORMALS FOR TOMORROW
                         NORMAL    RECORD    YEAR
 MAXIMUM TEMPERATURE (F)   71        91      2009
 MINIMUM TEMPERATURE (F)   42        31      2007


SUNRISE AND SUNSET
APRIL 18 2015.........SUNRISE   614 AM PDT   SUNSET   720 PM PDT
APRIL 19 2015.........SUNRISE   613 AM PDT   SUNSET   721 PM PDT


-  INDICATES NEGATIVE NUMBERS.
R  INDICATES RECORD WAS SET OR TIED.
MM INDICATES DATA IS MISSING.
T  INDICATES TRACE AMOUNT.




$$
