000
CDUS41 KBUF 062033
CLIROC


CLIMATE REPORT
NATIONAL WEATHER SERVICE BUFFALO NY
431 PM EDT WED MAY 6 2015


...................................

...THE ROCHESTER NY CLIMATE SUMMARY FOR MAY 6 2015...
VALID TODAY AS OF 0400 PM LOCAL TIME.

CLIMATE NORMAL PERIOD 1981 TO 2010
CLIMATE RECORD PERIOD 1871 TO 2015


WEATHER ITEM   OBSERVED TIME   RECORD YEAR NORMAL DEPARTURE LAST
                VALUE   (LST)  VALUE       VALUE  FROM      YEAR
                                                  NORMAL
..................................................................
TEMPERATURE (F)
 TODAY
  MAXIMUM         74    259 PM  92    1895  65      9       59
  MINIMUM         54    545 AM  28    1968  43     11       45
  AVERAGE         64                        54     10       52

PRECIPITATION (IN)
  TODAY            0.00          0.74 1944   0.09  -0.09     0.00
  MONTH TO DATE    T                         0.55  -0.55     0.07
  SINCE MAR 1      4.04                      5.78  -1.74     6.28
  SINCE JAN 1      8.29                     10.14  -1.85     9.90

SNOWFALL (IN)
  TODAY            0.0           T    1974   0.1   -0.1      0.0
  MONTH TO DATE    0.0                       0.2   -0.2       T
  SINCE MAR 1     13.3                      20.4   -7.1     29.6
  SINCE JUL 1    101.9                      99.3    2.6    112.7
  SNOW DEPTH       0

DEGREE DAYS
 HEATING
  TODAY            1                        12    -11       13
  MONTH TO DATE   24                        75    -51       77
  SINCE MAR 1   1616                      1592     24     1787
  SINCE JUL 1   6710                      6378    332     6872

 COOLING
  TODAY            0                         0      0        0
  MONTH TO DATE    4                         0      4        0
  SINCE MAR 1      4                         4      0        1
  SINCE JAN 1      4                         4      0        1
..................................................................


WIND (MPH)
  HIGHEST WIND SPEED    20   HIGHEST WIND DIRECTION    SE (130)
  HIGHEST GUST SPEED    23   HIGHEST GUST DIRECTION    SE (130)
  AVERAGE WIND SPEED     6.8


SKY COVER
  AVERAGE SKY COVER 0.6


WEATHER CONDITIONS
 THE FOLLOWING WEATHER WAS RECORDED TODAY.
  NO SIGNIFICANT WEATHER WAS OBSERVED.


RELATIVE HUMIDITY (PERCENT)
 HIGHEST    67           100 AM
 LOWEST     25           300 PM
 AVERAGE    46

..........................................................


THE ROCHESTER NY CLIMATE NORMALS FOR TOMORROW
                         NORMAL    RECORD    YEAR
 MAXIMUM TEMPERATURE (F)   65        88      1930
 MINIMUM TEMPERATURE (F)   44        26      1970


SUNRISE AND SUNSET
MAY  6 2015...........SUNRISE   558 AM EDT   SUNSET   817 PM EDT
MAY  7 2015...........SUNRISE   557 AM EDT   SUNSET   818 PM EDT


-  INDICATES NEGATIVE NUMBERS.
R  INDICATES RECORD WAS SET OR TIED.
MM INDICATES DATA IS MISSING.
T  INDICATES TRACE AMOUNT.

$$
