000
CDUS44 KEWX 190734
CLISAT


CLIMATE REPORT
NATIONAL WEATHER SERVICE AUSTIN/SAN ANTONIO, TX
230 AM CDT SUN APR 19 2015


...................................

...THE SAN ANTONIO CLIMATE SUMMARY FOR APRIL 18 2015...

CLIMATE NORMAL PERIOD 1981 TO 2010
CLIMATE RECORD PERIOD 1886 TO 2015


WEATHER ITEM   OBSERVED TIME   RECORD YEAR NORMAL DEPARTURE LAST
                VALUE   (LST)  VALUE       VALUE  FROM      YEAR
                                                  NORMAL
..................................................................
TEMPERATURE (F)
 YESTERDAY
  MAXIMUM         78    416 PM 100    2006  81     -3       80
  MINIMUM         67    612 AM  42    1999  59      8       61
                                      1947
                                      1921
  AVERAGE         73                        70      3       71

PRECIPITATION (IN)
  YESTERDAY        0.00          6.78 1915   0.07  -0.07      T
  MONTH TO DATE    2.39                      1.11   1.28     0.68
  SINCE MAR 1      5.36                      3.42   1.94     1.74
  SINCE JAN 1      9.56                      6.97   2.59     2.39

SNOWFALL (IN)
  YESTERDAY        0.0
  MONTH TO DATE    0.0
  SINCE MAR 1      0.0
  SINCE JUL 1      T
  SNOW DEPTH       0

DEGREE DAYS
 HEATING
  YESTERDAY        0                         1     -1        0
  MONTH TO DATE    1                        33    -32       40
  SINCE MAR 1    173                       187    -14      228
  SINCE JUL 1   1488                      1488      0     1562

 COOLING
  YESTERDAY        8                         6      2        6
  MONTH TO DATE  132                        84     48       96
  SINCE MAR 1    188                       149     39      157
  SINCE JAN 1    201                       175     26      222
..................................................................


WIND (MPH)
  HIGHEST WIND SPEED    15   HIGHEST WIND DIRECTION     S (170)
  HIGHEST GUST SPEED    19   HIGHEST GUST DIRECTION     S (170)
  AVERAGE WIND SPEED     6.9


SKY COVER
  AVERAGE SKY COVER 0.8


WEATHER CONDITIONS
 THE FOLLOWING WEATHER WAS RECORDED YESTERDAY.
  FOG
  HAZE


RELATIVE HUMIDITY (PERCENT)
 HIGHEST    93           200 AM
 LOWEST     69           200 PM
 AVERAGE    81

..........................................................


THE SAN ANTONIO CLIMATE NORMALS FOR TODAY
                         NORMAL    RECORD    YEAR
 MAXIMUM TEMPERATURE (F)   81       101      1996
 MINIMUM TEMPERATURE (F)   59        42      1901


SUNRISE AND SUNSET
APRIL 19 2015.........SUNRISE   703 AM CDT   SUNSET   803 PM CDT
APRIL 20 2015.........SUNRISE   702 AM CDT   SUNSET   804 PM CDT


-  INDICATES NEGATIVE NUMBERS.
R  INDICATES RECORD WAS SET OR TIED.
MM INDICATES DATA IS MISSING.
T  INDICATES TRACE AMOUNT.




$$
