000
CDUS41 KAKQ 250535
CLISBY


CLIMATE REPORT
NATIONAL WEATHER SERVICE WAKEFIELD, VA
134 AM EDT SAT APR 25 2015


...................................

...THE SALISBURY MD CLIMATE SUMMARY FOR APRIL 24 2015...

CLIMATE NORMAL PERIOD 1981 TO 2010
CLIMATE RECORD PERIOD 1900 TO 2015


WEATHER ITEM   OBSERVED TIME   RECORD YEAR NORMAL DEPARTURE LAST
                VALUE   (LST)  VALUE       VALUE  FROM      YEAR
                                                  NORMAL
..................................................................
TEMPERATURE (F)
 YESTERDAY
  MAXIMUM         56    548 PM  91    1960  68    -12       65
  MINIMUM         36   1154 PM  27    2003  45     -9       43
  AVERAGE         46                        56    -10       54

PRECIPITATION (IN)
  YESTERDAY        0.00          1.15 1995   0.11  -0.11     0.00
  MONTH TO DATE    3.28                      2.94   0.34     2.72
  SINCE MAR 1      7.35                      7.36  -0.01     7.32
  SINCE JAN 1     15.07                     14.32   0.75    14.54

SNOWFALL (IN)
  YESTERDAY        0.0           T    1930   0.0    0.0
                                      1956
  MONTH TO DATE    0.0                       0.2   -0.2
  SINCE NOV 1     15.7                       9.3    6.4
  SINCE JUL 1     15.7                       9.3    6.4
  SNOW DEPTH       0

DEGREE DAYS
 HEATING
  YESTERDAY       19                         9     10       11
  MONTH TO DATE  243                       296    -53      242
  SINCE MAR 1    912                       926    -14      931
  SINCE JUL 1   4125                      4231   -106     4071

 COOLING
  YESTERDAY        0                         1     -1        0
  MONTH TO DATE    7                        11     -4       14
  SINCE MAR 1      7                        13     -6       14
  SINCE JAN 1      7                        13     -6       14
..................................................................


WIND (MPH)
  HIGHEST WIND SPEED    25   HIGHEST WIND DIRECTION    NW (300)
  HIGHEST GUST SPEED    37   HIGHEST GUST DIRECTION     W (290)
  AVERAGE WIND SPEED    11.1


SKY COVER
  POSSIBLE SUNSHINE  MM
  AVERAGE SKY COVER 0.2


WEATHER CONDITIONS
 THE FOLLOWING WEATHER WAS RECORDED YESTERDAY.
  NO SIGNIFICANT WEATHER WAS OBSERVED.


RELATIVE HUMIDITY (PERCENT)
 HIGHEST    76          1100 PM
 LOWEST     22           300 PM
 AVERAGE    49

..........................................................


THE SALISBURY MD CLIMATE NORMALS FOR TODAY
                         NORMAL    RECORD    YEAR
 MAXIMUM TEMPERATURE (F)   68        91      1960
 MINIMUM TEMPERATURE (F)   46        27      1956


SUNRISE AND SUNSET
APRIL 25 2015.........SUNRISE   613 AM EDT   SUNSET   748 PM EDT
APRIL 26 2015.........SUNRISE   612 AM EDT   SUNSET   749 PM EDT


-  INDICATES NEGATIVE NUMBERS.
R  INDICATES RECORD WAS SET OR TIED.
MM INDICATES DATA IS MISSING.
T  INDICATES TRACE AMOUNT.




$$
