000
CDUS46 KSTO 070040
CLISCK


CLIMATE REPORT
NATIONAL WEATHER SERVICE SACRAMENTO, CA
540 PM PDT WED MAY 6 2015


...................................

...THE STOCKTON AIRPORT CA CLIMATE SUMMARY FOR MAY 6 2015...
VALID TODAY AS OF 0500 PM LOCAL TIME.

CLIMATE NORMAL PERIOD 1981 TO 2010
CLIMATE RECORD PERIOD 1948 TO 2015


WEATHER ITEM   OBSERVED TIME   RECORD YEAR NORMAL DEPARTURE LAST
                VALUE   (LST)  VALUE       VALUE  FROM      YEAR
                                                  NORMAL
..................................................................
TEMPERATURE (F)
 TODAY
  MAXIMUM         78    241 PM 100    1987  79     -1       76
  MINIMUM         50    533 AM  39    1983  50      0       51
  AVERAGE         64

PRECIPITATION (IN)
  TODAY            0.00          0.25 1994   0.02  -0.02      T
  MONTH TO DATE    0.00                      0.14  -0.14      T
  SINCE OCT 1     10.60                     13.29  -2.69     7.22
  SINCE JAN 1      2.76                      8.56  -5.80     5.79

SNOWFALL (IN)
  TODAY            0.0          MM      MM
  MONTH TO DATE    0.0
  SINCE MAR 1      0.0
  SINCE JUL 1      0.0

DEGREE DAYS
 HEATING
  TODAY            1                         3     -2        1
  MONTH TO DATE    3                        19    -16        3
  SINCE MAR 1    235                       533   -298      317
  SINCE JUL 1   1674                      2595   -921     2150

 COOLING
  TODAY            0                         2     -2        0
  MONTH TO DATE   16                        12      4       17
  SINCE MAR 1     65                        29     36       46
  SINCE JAN 1     65                        29     36       46
..................................................................


WIND (MPH)
  RESULTANT WIND SPEED   8   RESULTANT WIND DIRECTION   W (280)
  HIGHEST WIND SPEED    17   HIGHEST WIND DIRECTION     W (290)
  HIGHEST GUST SPEED    22   HIGHEST GUST DIRECTION     W (280)


SKY COVER
  POSSIBLE SUNSHINE  MM
  AVERAGE SKY COVER 0.0


WEATHER CONDITIONS
 THE FOLLOWING WEATHER WAS RECORDED TODAY.
  NO SIGNIFICANT WEATHER WAS OBSERVED.


RELATIVE HUMIDITY (PERCENT)
 HIGHEST    77           300 AM
 LOWEST     33           300 PM
 AVERAGE    55

..........................................................


THE STOCKTON AIRPORT CA CLIMATE NORMALS FOR TOMORROW
                         NORMAL    RECORD    YEAR
 MAXIMUM TEMPERATURE (F)   79       103      1987
 MINIMUM TEMPERATURE (F)   50        40      2010


SUNRISE AND SUNSET
MAY  6 2015...........SUNRISE   604 AM PDT   SUNSET   800 PM PDT
MAY  7 2015...........SUNRISE   603 AM PDT   SUNSET   801 PM PDT


-  INDICATES NEGATIVE NUMBERS.
R  INDICATES RECORD WAS SET OR TIED.
MM INDICATES DATA IS MISSING.
T  INDICATES TRACE AMOUNT.




$$
