000
CDUS44 KSHV 260750
CLISHV


CLIMATE REPORT
NATIONAL WEATHER SERVICE SHREVEPORT, LA
247 AM CDT SUN APR 26 2015


...................................

...THE SHREVEPORT CLIMATE SUMMARY FOR APRIL 25 2015...

CLIMATE NORMAL PERIOD 1981 TO 2010
CLIMATE RECORD PERIOD 1874 TO 2015


WEATHER ITEM   OBSERVED TIME   RECORD YEAR NORMAL DEPARTURE LAST
                VALUE   (LST)  VALUE       VALUE  FROM      YEAR
                                                  NORMAL
..................................................................
TEMPERATURE (F)
 YESTERDAY
  MAXIMUM         89R   354 PM  88    1925  79     10       82
  MINIMUM         63   1139 PM  34    1910  56      7       50
  AVERAGE         76                        68      8       66

PRECIPITATION (IN)
  YESTERDAY        T             5.25 1942   0.15  -0.15     0.00
  MONTH TO DATE    5.13                      3.48   1.65     3.96
  SINCE DEC 1     28.63                     21.34   7.29    16.40
  SINCE JAN 1     24.88                     16.57   8.31    11.42

SNOWFALL (IN)
  YESTERDAY        0.0
  MONTH TO DATE    0.0
  SINCE MAR 1      0.4
  SINCE JUL 1      4.5
  SNOW DEPTH       0

DEGREE DAYS
 HEATING
  YESTERDAY        0                         1     -1        0
  MONTH TO DATE   27                        81    -54      102
  SINCE MAR 1    281                       332    -51      424
  SINCE JUL 1   2281                      2214     67     2535

 COOLING
  YESTERDAY       11                         4      7        1
  MONTH TO DATE  126                        71     55       74
  SINCE MAR 1    152                       102     50       87
  SINCE JAN 1    152                       112     40       93
..................................................................


WIND (MPH)
  HIGHEST WIND SPEED    18   HIGHEST WIND DIRECTION     W (260)
  HIGHEST GUST SPEED    24   HIGHEST GUST DIRECTION     W (260)
  AVERAGE WIND SPEED     9.2


SKY COVER
  POSSIBLE SUNSHINE  MM
  AVERAGE SKY COVER 0.5


WEATHER CONDITIONS
 THE FOLLOWING WEATHER WAS RECORDED YESTERDAY.
  LIGHT RAIN
  FOG


RELATIVE HUMIDITY (PERCENT)
 HIGHEST    93           100 AM
 LOWEST     31           500 PM
 AVERAGE    62

..........................................................


THE SHREVEPORT CLIMATE NORMALS FOR TODAY
                         NORMAL    RECORD    YEAR
 MAXIMUM TEMPERATURE (F)   79        92      1882
 MINIMUM TEMPERATURE (F)   57        41      1910


SUNRISE AND SUNSET
APRIL 26 2015.........SUNRISE   634 AM CDT   SUNSET   753 PM CDT
APRIL 27 2015.........SUNRISE   633 AM CDT   SUNSET   753 PM CDT


-  INDICATES NEGATIVE NUMBERS.
R  INDICATES RECORD WAS SET OR TIED.
MM INDICATES DATA IS MISSING.
T  INDICATES TRACE AMOUNT.




$$
