000
CDUS45 KCYS 260732
CLISNY


CLIMATE REPORT
NATIONAL WEATHER SERVICE CHEYENNE WY
131 AM MDT SUN APR 26 2015


...................................

...THE SIDNEY NE AIRPORT CLIMATE SUMMARY FOR APRIL 25 2015...

CLIMATE NORMAL PERIOD 1981 TO 2010
CLIMATE RECORD PERIOD 1948 TO 2015


WEATHER ITEM   OBSERVED TIME   RECORD YEAR NORMAL DEPARTURE LAST
                VALUE   (LST)  VALUE       VALUE  FROM      YEAR
                                                  NORMAL
..................................................................
TEMPERATURE (F)
 YESTERDAY
  MAXIMUM         69    103 PM  87    1949  65      4       74
  MINIMUM         38    430 AM  16    2002  36      2       37
  AVERAGE         54                        51      3       56

PRECIPITATION (IN)
  YESTERDAY        0.85          1.03 1973   0.08   0.77     0.00
  MONTH TO DATE    4.80                      1.62   3.18     0.40
  SINCE JAN 1      5.82                      3.24   2.58     1.91

DEGREE DAYS
 HEATING
  YESTERDAY       11                        14     -3        9
  MONTH TO DATE  456                       462     -6      412
  SINCE MAR 1   1109                      1265   -156     1225
  SINCE JUL 1   5841                      5847     -6     6214

 COOLING
  YESTERDAY        0                         0      0        0
  MONTH TO DATE    0                         0      0        0
  SINCE MAR 1      0                         0      0        0
  SINCE JAN 1      0                         0      0        0
..................................................................


WIND (MPH)
  HIGHEST WIND SPEED    30   HIGHEST WIND DIRECTION     N (350)
  HIGHEST GUST SPEED    39   HIGHEST GUST DIRECTION     N (350)
  AVERAGE WIND SPEED     9.2


SKY COVER
  AVERAGE SKY COVER 0.3


WEATHER CONDITIONS
 THE FOLLOWING WEATHER WAS RECORDED YESTERDAY.
  THUNDERSTORM
  HEAVY RAIN
  RAIN
  LIGHT RAIN
  FOG


RELATIVE HUMIDITY (PERCENT)
 HIGHEST    93          1000 PM
 LOWEST     37           200 PM
 AVERAGE    65

..........................................................


THE SIDNEY NE AIRPORT CLIMATE NORMALS FOR TODAY
                         NORMAL    RECORD    YEAR
 MAXIMUM TEMPERATURE (F)   66        85      1955
 MINIMUM TEMPERATURE (F)   37        18      1953


SUNRISE AND SUNSET
APRIL 26 2015.........SUNRISE   557 AM MDT   SUNSET   743 PM MDT
APRIL 27 2015.........SUNRISE   555 AM MDT   SUNSET   744 PM MDT


-  INDICATES NEGATIVE NUMBERS.
R  INDICATES RECORD WAS SET OR TIED.
MM INDICATES DATA IS MISSING.
T  INDICATES TRACE AMOUNT.




$$
