000
CDUS45 KPUB 041045
CLISPD


CLIMATE REPORT
NATIONAL WEATHER SERVICE PUEBLO
445 AM MDT MON MAY 4 2015


...................................

...THE SPRINGFIELD CO CLIMATE SUMMARY FOR MAY 3 2015...

CLIMATE NORMAL PERIOD 1981 TO 2010
CLIMATE RECORD PERIOD 9999 TO 9999


WEATHER ITEM   OBSERVED TIME   NORMAL DEPARTURE LAST
                VALUE   (LST)  VALUE  FROM      YEAR
                                      NORMAL
......................................................
TEMPERATURE (F)
 YESTERDAY
  MAXIMUM         82   1253 PM  72     10       86
  MINIMUM         48    251 AM  42      6       38
  AVERAGE         65                            62

PRECIPITATION (IN)
  YESTERDAY        0.00          0.06  -0.06     0.00
  MONTH TO DATE    0.00          0.17  -0.17     0.00
  SINCE MAR 1      1.23          2.57  -1.34     1.37
  SINCE JAN 1      3.07          3.38  -0.31     1.70

DEGREE DAYS
 HEATING
  YESTERDAY        0             8     -8        3
  MONTH TO DATE    2            26    -24       37
  SINCE MAR 1    992          1119   -127     1173
  SINCE JUL 1   4896          5125   -229     5170

 COOLING
  YESTERDAY        0             1     -1        0
  MONTH TO DATE    0             1     -1        0
  SINCE MAR 1      0             5     -5        6
  SINCE JAN 1      0             5     -5        6
......................................................


WIND (MPH)
  HIGHEST WIND SPEED    20   HIGHEST WIND DIRECTION    NW (300)
  HIGHEST GUST SPEED    25   HIGHEST GUST DIRECTION     W (290)
  AVERAGE WIND SPEED     8.6


SKY COVER
  POSSIBLE SUNSHINE  MM



RELATIVE HUMIDITY (PERCENT)
 HIGHEST    80           200 AM
 LOWEST     18          1100 AM
 AVERAGE    49

..........................................................


THE SPRINGFIELD CO CLIMATE NORMALS FOR TODAY
                         NORMAL    RECORD    YEAR
 MAXIMUM TEMPERATURE (F)   72        MM        MM
 MINIMUM TEMPERATURE (F)   43        MM        MM


SUNRISE AND SUNSET
MAY  4 2015...........SUNRISE   553 AM MDT   SUNSET   742 PM MDT
MAY  5 2015...........SUNRISE   551 AM MDT   SUNSET   743 PM MDT


-  INDICATES NEGATIVE NUMBERS.
R  INDICATES RECORD WAS SET OR TIED.
MM INDICATES DATA IS MISSING.
T  INDICATES TRACE AMOUNT.




$$
