000
CDUS43 KILX 242127
CLISPI


CLIMATE REPORT
NATIONAL WEATHER SERVICE LINCOLN IL
427 PM CDT FRI APR 24 2015


...................................

...THE SPRINGFIELD IL CLIMATE SUMMARY FOR APRIL 24 2015...
VALID TODAY AS OF 0400 PM LOCAL TIME.

CLIMATE NORMAL PERIOD 1981 TO 2010
CLIMATE RECORD PERIOD 1879 TO 2015


WEATHER ITEM   OBSERVED TIME   RECORD YEAR NORMAL DEPARTURE LAST
                VALUE   (LST)  VALUE       VALUE  FROM      YEAR
                                                  NORMAL
..................................................................
TEMPERATURE (F)
 TODAY
  MAXIMUM         63    154 PM  89    1925  68     -5       76
  MINIMUM         36    332 AM  22    1910  45     -9       51
  AVERAGE         50                        57     -7       64

PRECIPITATION (IN)
  TODAY            0.00          1.96 1961   0.13  -0.13     0.15
  MONTH TO DATE    1.70                      2.73  -1.03     3.02
  SINCE MAR 1      3.26                      5.36  -2.10     4.81
  SINCE JAN 1      6.54                      8.99  -2.45    10.24

SNOWFALL (IN)
  TODAY            0.0           1.6  1910   0.0    0.0      0.0
  MONTH TO DATE    0.0                       0.3   -0.3      0.1
  SINCE MAR 1      3.7                       2.8    0.9      3.4
  SINCE JUL 1     33.9                      20.9   13.0     45.7
  SNOW DEPTH       0

DEGREE DAYS
 HEATING
  TODAY           15                         9      6        1
  MONTH TO DATE  192                       316   -124      263
  SINCE MAR 1    944                      1027    -83     1118
  SINCE JUL 1   5513                      5298    215     6065

 COOLING
  TODAY            0                         1     -1        0
  MONTH TO DATE   10                        13     -3        7
  SINCE MAR 1     10                        15     -5        7
  SINCE JAN 1     10                        15     -5        7
..................................................................


WIND (MPH)
  HIGHEST WIND SPEED    25   HIGHEST WIND DIRECTION     S (160)
  HIGHEST GUST SPEED    30   HIGHEST GUST DIRECTION     S (170)
  AVERAGE WIND SPEED    10.3


SKY COVER
  POSSIBLE SUNSHINE  MM
  AVERAGE SKY COVER 0.6


WEATHER CONDITIONS
 THE FOLLOWING WEATHER WAS RECORDED TODAY.
  NO SIGNIFICANT WEATHER WAS OBSERVED.


RELATIVE HUMIDITY (PERCENT)
 HIGHEST    75           300 AM
 LOWEST     32          1200 PM
 AVERAGE    54

..........................................................


THE SPRINGFIELD IL CLIMATE NORMALS FOR TOMORROW
                         NORMAL    RECORD    YEAR
 MAXIMUM TEMPERATURE (F)   68        90      1986
 MINIMUM TEMPERATURE (F)   46        32      1972
                                             1968


SUNRISE AND SUNSET
APRIL 24 2015.........SUNRISE   609 AM CDT   SUNSET   746 PM CDT
APRIL 25 2015.........SUNRISE   607 AM CDT   SUNSET   747 PM CDT


-  INDICATES NEGATIVE NUMBERS.
R  INDICATES RECORD WAS SET OR TIED.
MM INDICATES DATA IS MISSING.
T  INDICATES TRACE AMOUNT.




$$
