000
CDUS42 KTBW 242129
CLISRQ


CLIMATE REPORT
NATIONAL WEATHER SERVICE TAMPA BAY FL
527 PM EDT FRI APR 24 2015


...................................

...THE SARASOTA BRADENTON CLIMATE SUMMARY FOR APRIL 24 2015...
VALID TODAY AS OF 0500 PM LOCAL TIME.

CLIMATE NORMAL PERIOD 1981 TO 2010
CLIMATE RECORD PERIOD 1911 TO 2015


WEATHER ITEM   OBSERVED TIME   RECORD YEAR NORMAL DEPARTURE LAST
                VALUE   (LST)  VALUE       VALUE  FROM      YEAR
                                                  NORMAL
..................................................................
TEMPERATURE (F)
 TODAY
  MAXIMUM         86    332 PM  92    1999  82      4       79
  MINIMUM         75    635 AM  45    1986  63     12       61
  AVERAGE         81                        72      9       70

PRECIPITATION (IN)
  TODAY            0.00          2.18 1997   0.08  -0.08     0.00
  MONTH TO DATE    0.85                      2.05  -1.20     1.24
  SINCE MAR 1      1.83                      5.91  -4.08     7.71
  SINCE JAN 1      6.71                     11.10  -4.39    11.33

DEGREE DAYS
 HEATING
  TODAY            0                         0      0        0
  MONTH TO DATE    0                         8     -8        0
  SINCE MAR 1     13                        57    -44       37
  SINCE JUL 1    470                       475     -5      345

 COOLING
  TODAY           16                         8      8        5
  MONTH TO DATE  257                       145    112      140
  SINCE MAR 1    479                       245    234      226
  SINCE JAN 1    548                       349    199      342
..................................................................


WIND (MPH)
  RESULTANT WIND SPEED   9   RESULTANT WIND DIRECTION   W (290)
  HIGHEST WIND SPEED    16   HIGHEST WIND DIRECTION     W (280)
  HIGHEST GUST SPEED    20   HIGHEST GUST DIRECTION     W (260)
  AVERAGE WIND SPEED     9.7


SKY COVER
  POSSIBLE SUNSHINE  MM
  AVERAGE SKY COVER 0.3


WEATHER CONDITIONS
 THE FOLLOWING WEATHER WAS RECORDED TODAY.
  NO SIGNIFICANT WEATHER WAS OBSERVED.


RELATIVE HUMIDITY (PERCENT)
 HIGHEST    94           400 AM
 LOWEST     65          1000 AM

..........................................................


THE SARASOTA BRADENTON CLIMATE NORMALS FOR TOMORROW
                         NORMAL    RECORD    YEAR
 MAXIMUM TEMPERATURE (F)   82        92      1958
 MINIMUM TEMPERATURE (F)   63        48      1998


SUNRISE AND SUNSET
APRIL 24 2015.........SUNRISE   657 AM EDT   SUNSET   800 PM EDT
APRIL 25 2015.........SUNRISE   656 AM EDT   SUNSET   800 PM EDT


-  INDICATES NEGATIVE NUMBERS.
R  INDICATES RECORD WAS SET OR TIED.
MM INDICATES DATA IS MISSING.
T  INDICATES TRACE AMOUNT.




$$


&&
------------------------------------------------------------------
******************** SUPPLEMENTAL DATA ***************************

...GULF WATER TEMPERATURE AT NEW PASS 82
