000
CDUS43 KMPX 020627
CLISTC


CLIMATE REPORT
NATIONAL WEATHER SERVICE CHANHASSEN MN
126 AM CDT THU APR 2 2015


...................................

...THE ST CLOUD MN CLIMATE SUMMARY FOR APRIL 1 2015...

CLIMATE NORMAL PERIOD 1981 TO 2010
CLIMATE RECORD PERIOD 1893 TO 2015


WEATHER ITEM   OBSERVED TIME   RECORD YEAR NORMAL DEPARTURE LAST
                VALUE   (LST)  VALUE       VALUE  FROM      YEAR
                                                  NORMAL
..................................................................
TEMPERATURE (F)
 YESTERDAY
  MAXIMUM         76    154 PM  77    2010  48     28       35
  MINIMUM         46    717 AM   3    1975  26     20       19
  AVERAGE         61                        37     24       27

PRECIPITATION (IN)
  YESTERDAY        0.09          0.70 1896   0.07   0.02     0.04
  MONTH TO DATE    0.09                      0.07   0.02     0.04
  SINCE MAR 1      0.47                      1.62  -1.15     1.24
  SINCE JAN 1      1.06                      2.86  -1.80     3.75

SNOWFALL (IN)
  YESTERDAY        0.0           2.9  2009   0.2   -0.2      0.4
  MONTH TO DATE    0.0                       0.2   -0.2      0.4
  SINCE MAR 1      3.3                       8.7   -5.4      9.6
  SINCE JUL 1     30.1                      42.9  -12.8     63.9
  SNOW DEPTH       0

DEGREE DAYS
 HEATING
  YESTERDAY        4                        28    -24       38
  MONTH TO DATE    4                        28    -24       38
  SINCE MAR 1   1005                      1132   -127     1345
  SINCE JUL 1   7263                      7578   -315     8554

 COOLING
  YESTERDAY        0                         0      0        0
  MONTH TO DATE    0                         0      0        0
  SINCE MAR 1      0                         0      0        0
  SINCE JAN 1      0                         0      0        0
..................................................................


WIND (MPH)
  HIGHEST WIND SPEED    31   HIGHEST WIND DIRECTION     S (180)
  HIGHEST GUST SPEED    41   HIGHEST GUST DIRECTION     S (190)
  AVERAGE WIND SPEED    13.4


SKY COVER
  POSSIBLE SUNSHINE  MM
  AVERAGE SKY COVER 0.1


WEATHER CONDITIONS
 THE FOLLOWING WEATHER WAS RECORDED YESTERDAY.
  THUNDERSTORM
  LIGHT RAIN
  HAZE


RELATIVE HUMIDITY (PERCENT)
 HIGHEST    59          1000 PM
 LOWEST     25           100 PM
 AVERAGE    42

..........................................................


THE ST CLOUD MN CLIMATE NORMALS FOR TODAY
                         NORMAL    RECORD    YEAR
 MAXIMUM TEMPERATURE (F)   48        76      1963
 MINIMUM TEMPERATURE (F)   27         5      1954


SUNRISE AND SUNSET
APRIL  2 2015.........SUNRISE   655 AM CDT   SUNSET   746 PM CDT
APRIL  3 2015.........SUNRISE   653 AM CDT   SUNSET   747 PM CDT


-  INDICATES NEGATIVE NUMBERS.
R  INDICATES RECORD WAS SET OR TIED.
MM INDICATES DATA IS MISSING.
T  INDICATES TRACE AMOUNT.




$$
