000
CDUS43 KEAX 020635
CLISTJ


CLIMATE REPORT
NATIONAL WEATHER SERVICE KANSAS CITY/PLEASANT HILL MO
134 AM CDT THU APR 2 2015


...................................

...THE ST. JOSEPH MO CLIMATE SUMMARY FOR APRIL 1 2015...

CLIMATE NORMAL PERIOD 1981 TO 2010
CLIMATE RECORD PERIOD 1892 TO 2015


WEATHER ITEM   OBSERVED TIME   RECORD YEAR NORMAL DEPARTURE LAST
                VALUE   (LST)  VALUE       VALUE  FROM      YEAR
                                                  NORMAL
..................................................................
TEMPERATURE (F)
 YESTERDAY
  MAXIMUM         82    139 PM  89    1940  62     20       54
  MINIMUM         44    150 AM  20    1924  38      6       26
  AVERAGE         63                        50     13       40

PRECIPITATION (IN)
  YESTERDAY        0.00          1.95 1967   0.08  -0.08     0.00
  MONTH TO DATE    0.00                      0.08  -0.08     0.00
  SINCE MAR 1      1.33                      2.33  -1.00     0.41
  SINCE JAN 1      3.08                      3.82  -0.74     1.23

DEGREE DAYS
 HEATING
  YESTERDAY        2                        16    -14       25
  MONTH TO DATE    2                        16    -14       25
  SINCE MAR 1    609                       701    -92      851
  SINCE JUL 1   5133                      5009    124     5791

 COOLING
  YESTERDAY        0                         0      0        0
  MONTH TO DATE    0                         0      0        0
  SINCE MAR 1      1                         2     -1        0
  SINCE JAN 1      1                         2     -1        0
..................................................................


WIND (MPH)
  HIGHEST WIND SPEED    31   HIGHEST WIND DIRECTION     S (170)
  HIGHEST GUST SPEED    36   HIGHEST GUST DIRECTION     S (180)
  AVERAGE WIND SPEED    14.6


SKY COVER
  POSSIBLE SUNSHINE  MM
  AVERAGE SKY COVER 0.0


WEATHER CONDITIONS
 THE FOLLOWING WEATHER WAS RECORDED YESTERDAY.
  NO SIGNIFICANT WEATHER WAS OBSERVED.


RELATIVE HUMIDITY (PERCENT)
 HIGHEST    84          1100 PM
 LOWEST     39           100 PM
 AVERAGE    62

..........................................................


THE ST. JOSEPH MO CLIMATE NORMALS FOR TODAY
                         NORMAL    RECORD    YEAR
 MAXIMUM TEMPERATURE (F)   62        89      2012
 MINIMUM TEMPERATURE (F)   38        18      1936


SUNRISE AND SUNSET
APRIL  2 2015.........SUNRISE   703 AM CDT   SUNSET   745 PM CDT
APRIL  3 2015.........SUNRISE   701 AM CDT   SUNSET   746 PM CDT


-  INDICATES NEGATIVE NUMBERS.
R  INDICATES RECORD WAS SET OR TIED.
MM INDICATES DATA IS MISSING.
T  INDICATES TRACE AMOUNT.




$$
