000
CDUS44 KBMX 050902
CLITCL


CLIMATE REPORT
NATIONAL WEATHER SERVICE BIRMINGHAM, AL
400 AM CDT TUE MAY 5 2015


...................................

...THE TUSCALOOSA CLIMATE SUMMARY FOR MAY 4 2015...

CLIMATE NORMAL PERIOD 1994 TO 1994
CLIMATE RECORD PERIOD 1994 TO 2015


WEATHER ITEM   OBSERVED TIME   RECORD YEAR NORMAL DEPARTURE LAST
                VALUE   (LST)  VALUE       VALUE  FROM      YEAR
                                                  NORMAL
..................................................................
TEMPERATURE (F)
 YESTERDAY
  MAXIMUM         84    158 PM  92    1959  81      3       87
                                      1955
  MINIMUM         55    534 AM  36    1976  56     -1       50
  AVERAGE         70                        68      2       69

PRECIPITATION (IN)
  YESTERDAY        0.00          1.10 1958   0.12  -0.12     0.00
  MONTH TO DATE    0.00                      0.49  -0.49     0.00
  SINCE MAR 1     12.51                      9.24   3.27    15.74
  SINCE JAN 1     23.26                     19.91   3.35    23.46

..................................................................


WIND (MPH)
  HIGHEST WIND SPEED    10   HIGHEST WIND DIRECTION     S (170)
  HIGHEST GUST SPEED    15   HIGHEST GUST DIRECTION     W (250)
  AVERAGE WIND SPEED     3.2


SKY COVER
  AVERAGE SKY COVER 0.1


WEATHER CONDITIONS
 THE FOLLOWING WEATHER WAS RECORDED YESTERDAY.
  FOG
  HAZE


RELATIVE HUMIDITY (PERCENT)
 HIGHEST    93          1200 AM
 LOWEST     37           100 PM
 AVERAGE    65

..........................................................


THE TUSCALOOSA CLIMATE NORMALS FOR TODAY
                         NORMAL    RECORD    YEAR
 MAXIMUM TEMPERATURE (F)   81        95      1952
 MINIMUM TEMPERATURE (F)   57        40      1957
                                             1954


SUNRISE AND SUNSET
MAY  5 2015...........SUNRISE   559 AM CDT   SUNSET   736 PM CDT
MAY  6 2015...........SUNRISE   558 AM CDT   SUNSET   737 PM CDT


-  INDICATES NEGATIVE NUMBERS.
R  INDICATES RECORD WAS SET OR TIED.
MM INDICATES DATA IS MISSING.
T  INDICATES TRACE AMOUNT.




$$
