000
CDUS41 KCLE 012113
CLITOL


CLIMATE REPORT
NATIONAL WEATHER SERVICE CLEVELAND OH
513 PM EDT WED APR 1 2015


...................................

...THE TOLEDO OH CLIMATE SUMMARY FOR APRIL 1 2015...
VALID TODAY AS OF 0500 PM LOCAL TIME.

CLIMATE NORMAL PERIOD 1981 TO 2010
CLIMATE RECORD PERIOD 1873 TO 2015


WEATHER ITEM   OBSERVED TIME   RECORD YEAR NORMAL DEPARTURE LAST
                VALUE   (LST)  VALUE       VALUE  FROM      YEAR
                                                  NORMAL
..................................................................
TEMPERATURE (F)
 TODAY
  MAXIMUM         65    353 PM  80    2010  54     11       61
  MINIMUM         27    644 AM  11    1964  34     -7       43
  AVERAGE         46                        44      2       52

PRECIPITATION (IN)
  TODAY            0.00                      0.10  -0.10     0.01
  MONTH TO DATE    0.00                      0.10  -0.10     0.01
  SINCE MAR 1      1.34                      2.58  -1.24     1.40
  SINCE JAN 1      4.96                      6.70  -1.74     8.58

SNOWFALL (IN)
  TODAY            0.0                       0.1   -0.1      0.0
  MONTH TO DATE    0.0                       0.1   -0.1      0.0
  SINCE MAR 1      5.4                       5.8   -0.4     11.8
  SINCE JUL 1     45.7                      36.3    9.4     85.3
  SNOW DEPTH       0

DEGREE DAYS
 HEATING
  TODAY           19                        21     -2       13
  MONTH TO DATE   19                        21     -2       13
  SINCE MAR 1   1009                       871    138     1131
  SINCE JUL 1   6265                      5447    818     6457

 COOLING
  TODAY            0                         0      0        0
  MONTH TO DATE    0                         0      0        0
  SINCE MAR 1      0                         0      0        0
  SINCE JAN 1      0                         0      0        0
..................................................................


WIND (MPH)
  HIGHEST WIND SPEED    17   HIGHEST WIND DIRECTION    SW (240)
  HIGHEST GUST SPEED    22   HIGHEST GUST DIRECTION     W (260)


SKY COVER
  POSSIBLE SUNSHINE  MM
  AVERAGE SKY COVER 0.1


WEATHER CONDITIONS
 THE FOLLOWING WEATHER WAS RECORDED TODAY.
  FOG
  HAZE


RELATIVE HUMIDITY (PERCENT)
 HIGHEST   100           400 AM
 LOWEST     31           400 PM
 AVERAGE    66

..........................................................


THE TOLEDO OH CLIMATE NORMALS FOR TOMORROW
                         NORMAL    RECORD    YEAR
 MAXIMUM TEMPERATURE (F)   54        82      1963
 MINIMUM TEMPERATURE (F)   34        19      1881


SUNRISE AND SUNSET
APRIL  1 2015.........SUNRISE   719 AM EDT   SUNSET   800 PM EDT
APRIL  2 2015.........SUNRISE   717 AM EDT   SUNSET   801 PM EDT


-  INDICATES NEGATIVE NUMBERS.
R  INDICATES RECORD WAS SET OR TIED.
MM INDICATES DATA IS MISSING.
T  INDICATES TRACE AMOUNT.




$$
