000
CDUS41 KPHI 060630
CLITTN


CLIMATE REPORT
NATIONAL WEATHER SERVICE MOUNT HOLLY NJ
230 AM EDT WED MAY 6 2015


...................................

...THE TRENTON NJ CLIMATE SUMMARY FOR MAY 5 2015...

CLIMATE NORMAL PERIOD 1981 TO 2010
CLIMATE RECORD PERIOD 1865 TO 2015


WEATHER ITEM   OBSERVED TIME   RECORD YEAR NORMAL DEPARTURE LAST
                VALUE   (LST)  VALUE       VALUE  FROM      YEAR
                                                  NORMAL
..................................................................
TEMPERATURE (F)
 YESTERDAY
  MAXIMUM         83    149 PM  91    1928  68     15       67
  MINIMUM         58    510 AM  35    1911  47     11       47
  AVERAGE         71                        58     13       57

PRECIPITATION (IN)
  YESTERDAY        T             1.53 1948   0.10  -0.10     0.00
  MONTH TO DATE    T                         0.48  -0.48     0.33
  SINCE MAR 1      6.84                      8.16  -1.32     9.86
  SINCE JAN 1     13.43                     13.63  -0.20    17.52

SNOWFALL (IN)
  YESTERDAY       MM            MM      MM  MM     MM       MM
  MONTH TO DATE   MM                        MM     MM       MM
  SINCE MAR 1     MM                        MM     MM       MM
  SINCE JUL 1     MM                        MM     MM       MM
  SNOW DEPTH      MM

DEGREE DAYS
 HEATING
  YESTERDAY        0                         8     -8        8
  MONTH TO DATE   22                        43    -21       27
  SINCE MAR 1   1245                      1197     48     1309
  SINCE JUL 1   5328                      5011    317     5395

 COOLING
  YESTERDAY        6                         1      5        0
  MONTH TO DATE    7                         5      2        3
  SINCE MAR 1      7                        13     -6        9
  SINCE JAN 1      7                        13     -6        9
..................................................................


WIND (MPH)
  HIGHEST WIND SPEED    14   HIGHEST WIND DIRECTION    SW (240)
  HIGHEST GUST SPEED    19   HIGHEST GUST DIRECTION    SW (220)
  AVERAGE WIND SPEED     4.8


SKY COVER
  POSSIBLE SUNSHINE  MM
  AVERAGE SKY COVER 0.4


WEATHER CONDITIONS
 THE FOLLOWING WEATHER WAS RECORDED YESTERDAY.
  LIGHT RAIN


RELATIVE HUMIDITY (PERCENT)
 HIGHEST    69           600 AM
 LOWEST     39           200 PM
 AVERAGE    54

..........................................................


THE TRENTON NJ CLIMATE NORMALS FOR TODAY
                         NORMAL    RECORD    YEAR
 MAXIMUM TEMPERATURE (F)   69        91      1949
 MINIMUM TEMPERATURE (F)   47        36      1891


SUNRISE AND SUNSET
MAY  6 2015...........SUNRISE   553 AM EDT   SUNSET   759 PM EDT
MAY  7 2015...........SUNRISE   552 AM EDT   SUNSET   800 PM EDT


-  INDICATES NEGATIVE NUMBERS.
R  INDICATES RECORD WAS SET OR TIED.
MM INDICATES DATA IS MISSING.
T  INDICATES TRACE AMOUNT.




$$
