000
CDUS44 KMEG 060639
CLITUP


CLIMATE REPORT
NATIONAL WEATHER SERVICE MEMPHIS TN
139 AM CDT WED MAY 6 2015


...................................

...THE TUPELO CLIMATE SUMMARY FOR MAY 5 2015...

CLIMATE NORMAL PERIOD 1981 TO 2010
CLIMATE RECORD PERIOD 1930 TO 2015


WEATHER ITEM   OBSERVED TIME   RECORD YEAR NORMAL DEPARTURE LAST
                VALUE   (LST)  VALUE       VALUE  FROM      YEAR
                                                  NORMAL
..................................................................
TEMPERATURE (F)
 YESTERDAY
  MAXIMUM         85    350 PM  93    1959  79      6       87
                                      1955
  MINIMUM         56    505 AM  37    1973  56      0       59
  AVERAGE         71                        68      3       73

PRECIPITATION (IN)
  YESTERDAY        0.00          4.22 2003   0.18  -0.18     0.00
  MONTH TO DATE    0.00                      0.94  -0.94     0.00
  SINCE MAR 1     14.16                     10.54   3.62     9.68
  SINCE JAN 1     23.32                     19.98   3.34    15.77

SNOWFALL (IN)
  YESTERDAY        0.0          MM      MM   0.0    0.0      0.0
  MONTH TO DATE    0.0                       0.0    0.0      0.0
  SINCE MAR 1      0.1                       0.3   -0.2       T
  SINCE JUL 1      7.4                       2.1    5.3      0.5
  SNOW DEPTH       0

DEGREE DAYS
 HEATING
  YESTERDAY        0                         1     -1        0
  MONTH TO DATE   10                         9      1       15
  SINCE MAR 1    424                       510    -86      620
  SINCE JUL 1   3142                      2941    201     3450

 COOLING
  YESTERDAY        6                         4      2        8
  MONTH TO DATE   14                        19     -5       13
  SINCE MAR 1     90                        93     -3       55
  SINCE JAN 1     90                        95     -5       55
..................................................................


WIND (MPH)
  HIGHEST WIND SPEED    15   HIGHEST WIND DIRECTION    SE (140)
  HIGHEST GUST SPEED    20   HIGHEST GUST DIRECTION     S (170)
  AVERAGE WIND SPEED     4.1


SKY COVER
  POSSIBLE SUNSHINE  MM
  AVERAGE SKY COVER 0.1


WEATHER CONDITIONS
 THE FOLLOWING WEATHER WAS RECORDED YESTERDAY.
  FOG


RELATIVE HUMIDITY (PERCENT)
 HIGHEST    93           500 AM
 LOWEST     31          1200 PM
 AVERAGE    62

..........................................................


THE TUPELO CLIMATE NORMALS FOR TODAY
                         NORMAL    RECORD    YEAR
 MAXIMUM TEMPERATURE (F)   79        92      2007
                                             1952
                                             1940
 MINIMUM TEMPERATURE (F)   57        42      1958


SUNRISE AND SUNSET
MAY  6 2015...........SUNRISE   601 AM CDT   SUNSET   743 PM CDT
MAY  7 2015...........SUNRISE   600 AM CDT   SUNSET   744 PM CDT


-  INDICATES NEGATIVE NUMBERS.
R  INDICATES RECORD WAS SET OR TIED.
MM INDICATES DATA IS MISSING.
T  INDICATES TRACE AMOUNT.




$$
