000
CDUS45 KTWC 190730
CLITUS

CLIMATE REPORT
NATIONAL WEATHER SERVICE TUCSON AZ
1229 AM MST SUN APR 19 2015


...................................

...THE TUCSON AZ CLIMATE SUMMARY FOR APRIL 18 2015...

CLIMATE NORMAL PERIOD 1981 TO 2010
CLIMATE RECORD PERIOD 1895 TO 2015


WEATHER ITEM   OBSERVED TIME   RECORD YEAR NORMAL DEPARTURE LAST
                VALUE   (LST)  VALUE       VALUE  FROM      YEAR
                                                  NORMAL
..................................................................
TEMPERATURE (F)
 YESTERDAY
  MAXIMUM         83    448 PM  98    1989  83      0       77
  MINIMUM         49    624 AM  31    1896  53     -4       63
  AVERAGE         66                        68     -2       70

PRECIPITATION (IN)
  YESTERDAY        0.00          0.16 1917   0.00   0.00     0.00
  MONTH TO DATE    T                         0.23  -0.23     0.00
  SINCE OCT 1      6.95                      5.15   1.80     3.64
  SINCE JAN 1      3.45                      2.76   0.69     0.59

DEGREE DAYS
 HEATING
  YESTERDAY        0                         2     -2        0
  MONTH TO DATE   11                        47    -36       21
  SINCE MAR 1     58                       226   -168       63
  SINCE JUL 1    900                      1493   -593      896

 COOLING
  YESTERDAY        1                         4     -3        5
  MONTH TO DATE   73                        53     20       88
  SINCE MAR 1    166                        82     84      118
  SINCE JAN 1    174                        86     88      142
..................................................................


WIND (MPH)
  HIGHEST WIND SPEED    20   HIGHEST WIND DIRECTION     W (290)
  HIGHEST GUST SPEED    26   HIGHEST GUST DIRECTION     W (290)
  AVERAGE WIND SPEED     7.5


SKY COVER
  POSSIBLE SUNSHINE  MM
  AVERAGE SKY COVER 0.0


WEATHER CONDITIONS
 THE FOLLOWING WEATHER WAS RECORDED YESTERDAY.
  NO SIGNIFICANT WEATHER WAS OBSERVED.


RELATIVE HUMIDITY (PERCENT)
 HIGHEST    34
 LOWEST      7
 AVERAGE    21

..........................................................


THE TUCSON AZ CLIMATE NORMALS FOR TODAY
                         NORMAL    RECORD    YEAR
 MAXIMUM TEMPERATURE (F)   83       101      1989
 MINIMUM TEMPERATURE (F)   53        33      1933
                                             1896


SUNRISE AND SUNSET
APRIL 19 2015.........SUNRISE   550 AM MST   SUNSET   656 PM MST
APRIL 20 2015.........SUNRISE   549 AM MST   SUNSET   657 PM MST


-  INDICATES NEGATIVE NUMBERS.
R  INDICATES RECORD WAS SET OR TIED.
MM INDICATES DATA IS MISSING.
T  INDICATES TRACE AMOUNT.




$$
