000
CDUS44 KJAN 280747
CLITVR


CLIMATE REPORT
NATIONAL WEATHER SERVICE JACKSON MS
242 AM CDT TUE APR 28 2015


...................................

...THE VICKSBURG CLIMATE SUMMARY FOR APRIL 27 2015...

CLIMATE NORMAL PERIOD 1981 TO 2010
CLIMATE RECORD PERIOD 1948 TO 2015


WEATHER ITEM   OBSERVED TIME   RECORD YEAR NORMAL DEPARTURE LAST
                VALUE   (LST)  VALUE       VALUE  FROM      YEAR
                                                  NORMAL
..................................................................
TEMPERATURE (F)
 YESTERDAY
  MAXIMUM         70    221 PM  90    2014  79     -9       90
  MINIMUM         57   1011 AM  42    1992  56      1       71
  AVERAGE         64                        68     -4       81

PRECIPITATION (IN)
  YESTERDAY        0.04          1.74 1964   0.15  -0.11     0.01
  MONTH TO DATE    5.92                      4.49   1.43    12.22
  SINCE MAR 1     10.16                      9.52   0.64    18.15
  SINCE JAN 1     21.41                     19.86   1.55    23.57

SNOWFALL (IN)
  YESTERDAY        0.0

DEGREE DAYS
 HEATING
  YESTERDAY        1                         1      0        0
  MONTH TO DATE   29                        96    -67       80
  SINCE MAR 1    252                       361   -109      448
  SINCE JUL 1   2510                      2337    173     2857

 COOLING
  YESTERDAY        0                         4     -4       16
  MONTH TO DATE  131                        73     58       92
  SINCE MAR 1    153                        96     57       99
  SINCE JAN 1    153                       105     48      106
..................................................................


WIND (MPH)
  HIGHEST WIND SPEED    29   HIGHEST WIND DIRECTION     E (90)
  HIGHEST GUST SPEED    37   HIGHEST GUST DIRECTION     E (100)
  AVERAGE WIND SPEED    11.3


SKY COVER
  POSSIBLE SUNSHINE  MM
  AVERAGE SKY COVER 0.1


WEATHER CONDITIONS
 THE FOLLOWING WEATHER WAS RECORDED YESTERDAY.
  LIGHT RAIN


RELATIVE HUMIDITY (PERCENT)
 HIGHEST    87          1200 AM
 LOWEST     58           600 PM
 AVERAGE    73

..........................................................


THE VICKSBURG CLIMATE NORMALS FOR TODAY
                         NORMAL    RECORD    YEAR
 MAXIMUM TEMPERATURE (F)   79        92      2002
 MINIMUM TEMPERATURE (F)   57        42      2010
                                             1992


SUNRISE AND SUNSET
APRIL 28 2015.........SUNRISE   621 AM CDT   SUNSET   743 PM CDT
APRIL 29 2015.........SUNRISE   620 AM CDT   SUNSET   744 PM CDT


-  INDICATES NEGATIVE NUMBERS.
R  INDICATES RECORD WAS SET OR TIED.
MM INDICATES DATA IS MISSING.
T  INDICATES TRACE AMOUNT.




$$
