000
CDUS44 KCRP 030845 RRA
CLIVCT

CLIMATE REPORT
NATIONAL WEATHER SERVICE CORPUS CHRISTI TX
344 AM CDT SUN MAY 3 2015

...................................

...THE VICTORIA CLIMATE SUMMARY FOR MAY 2 2015...

CLIMATE NORMAL PERIOD 1981 TO 2010
CLIMATE RECORD PERIOD 1893 TO 2015


WEATHER ITEM   OBSERVED TIME   RECORD YEAR NORMAL DEPARTURE LAST
                VALUE   (LST)  VALUE       VALUE  FROM      YEAR
                                                  NORMAL
..................................................................
TEMPERATURE (F)
 YESTERDAY
  MAXIMUM         80    326 PM 101    1964  84     -4       84
  MINIMUM         58    602 AM  45    1903  64     -6       50
  AVERAGE         69                        74     -5       67

PRECIPITATION (IN)
  YESTERDAY        0.00          2.65 2000   0.15  -0.15     0.00
  MONTH TO DATE    0.00                      0.30  -0.30     0.00
  SINCE MAR 1     15.18                      5.89   9.29     2.00
  SINCE JAN 1     19.23                     10.49   8.74     3.66

SNOWFALL (IN)
  YESTERDAY        0.0
  MONTH TO DATE    0.0
  SINCE MAR 1      0.0
  SINCE JUL 1      0.0
  SNOW DEPTH       0

DEGREE DAYS
 HEATING
  YESTERDAY        0                         0      0        0
  MONTH TO DATE    0                         0      0        3
  SINCE MAR 1    140                       155    -15      240
  SINCE JUL 1   1220                      1248    -28     1493

 COOLING
  YESTERDAY        4                         9     -5        2
  MONTH TO DATE    9                        18     -9        2
  SINCE MAR 1    301                       269     32      257
  SINCE JAN 1    316                       307      9      315
..................................................................


WIND (MPH)
  HIGHEST WIND SPEED    16   HIGHEST WIND DIRECTION    SE (130)
  HIGHEST GUST SPEED    21   HIGHEST GUST DIRECTION    SE (130)
  AVERAGE WIND SPEED     6.7


SKY COVER
  POSSIBLE SUNSHINE  MM
  AVERAGE SKY COVER 0.1


WEATHER CONDITIONS
 THE FOLLOWING WEATHER WAS RECORDED YESTERDAY.
  NO SIGNIFICANT WEATHER WAS OBSERVED.


RELATIVE HUMIDITY (PERCENT)
 HIGHEST   100           600 AM
 LOWEST     50           500 PM
 AVERAGE    75

..........................................................


THE VICTORIA CLIMATE NORMALS FOR TODAY
                         NORMAL    RECORD    YEAR
 MAXIMUM TEMPERATURE (F)   84        99      1984
 MINIMUM TEMPERATURE (F)   64        45      1929


SUNRISE AND SUNSET
MAY  3 2015...........SUNRISE   645 AM CDT   SUNSET   804 PM CDT
MAY  4 2015...........SUNRISE   644 AM CDT   SUNSET   805 PM CDT


-  INDICATES NEGATIVE NUMBERS.
R  INDICATES RECORD WAS SET OR TIED.
MM INDICATES DATA IS MISSING.
T  INDICATES TRACE AMOUNT.

$$
