000
CDUS45 KGJT 050737
CLIVEL


CLIMATE REPORT
NATIONAL WEATHER SERVICE GRAND JUNCTION CO
133 AM MDT TUE MAY 5 2015


...................................

...THE VERNAL UT CLIMATE SUMMARY FOR MAY 4 2015...

CLIMATE NORMAL PERIOD 1981 TO 2010
CLIMATE RECORD PERIOD 9999 TO 9999


WEATHER ITEM   OBSERVED TIME   RECORD YEAR NORMAL DEPARTURE LAST
                VALUE   (LST)  VALUE       VALUE  FROM      YEAR
                                                  NORMAL
..................................................................
TEMPERATURE (F)
 YESTERDAY
  MAXIMUM         73    207 PM  MM      MM  66      7       81
  MINIMUM         43    544 AM  MM      MM  40      3       46
  AVERAGE         58                        53      5       64

PRECIPITATION (IN)
  YESTERDAY        0.00         MM      MM   0.04  -0.04     0.00
  MONTH TO DATE    T                         0.14  -0.14     0.00
  SINCE MAR 1      1.19                      1.64  -0.45     1.42
  SINCE JAN 1      1.45                      2.66  -1.21     1.83

SNOWFALL (IN)
  YESTERDAY       MM            MM      MM   0.0   MM       MM
  MONTH TO DATE   MM                         0.0   MM       MM
  SINCE MAR 1     MM                         1.6   MM       MM
  SINCE JUL 1     MM                        17.5   MM       MM
  SNOW DEPTH      MM

DEGREE DAYS
 HEATING
  YESTERDAY        7                        12     -5        1
  MONTH TO DATE   19                        51    -32       36
  SINCE MAR 1   1123                      1439   -316     1317
  SINCE JUL 1   5676                      6930  -1254     7124

 COOLING
  YESTERDAY        0                         0      0        0
  MONTH TO DATE    0                         0      0        0
  SINCE MAR 1      0                         0      0        0
  SINCE JAN 1      0                         0      0        0
..................................................................


WIND (MPH)
  HIGHEST WIND SPEED    24   HIGHEST WIND DIRECTION     E (100)
  HIGHEST GUST SPEED    29   HIGHEST GUST DIRECTION     E (100)
  AVERAGE WIND SPEED     6.1


SKY COVER
  POSSIBLE SUNSHINE  MM
  AVERAGE SKY COVER 0.3


WEATHER CONDITIONS
 THE FOLLOWING WEATHER WAS RECORDED YESTERDAY.
  NO SIGNIFICANT WEATHER WAS OBSERVED.


RELATIVE HUMIDITY (PERCENT)
 HIGHEST    76           600 AM
 LOWEST     27           300 PM
 AVERAGE    52

..........................................................


THE VERNAL UT CLIMATE NORMALS FOR TODAY
                         NORMAL    RECORD    YEAR
 MAXIMUM TEMPERATURE (F)   66        MM        MM
 MINIMUM TEMPERATURE (F)   40        MM        MM


SUNRISE AND SUNSET
MAY  5 2015...........SUNRISE   613 AM MDT   SUNSET   818 PM MDT
MAY  6 2015...........SUNRISE   611 AM MDT   SUNSET   819 PM MDT


-  INDICATES NEGATIVE NUMBERS.
R  INDICATES RECORD WAS SET OR TIED.
MM INDICATES DATA IS MISSING.
T  INDICATES TRACE AMOUNT.




$$
