000
CDUS43 KSGF 260630
CLIVIH


CLIMATE REPORT
NATIONAL WEATHER SERVICE SPRINGFIELD MO
130 AM CDT SUN APR 26 2015


...................................

...THE VICHY-ROLLA MO CLIMATE SUMMARY FOR APRIL 25 2015...

CLIMATE NORMAL PERIOD 1981 TO 2010
CLIMATE RECORD PERIOD 1888 TO 2015


WEATHER ITEM   OBSERVED TIME   RECORD YEAR NORMAL DEPARTURE LAST
                VALUE   (LST)  VALUE       VALUE  FROM      YEAR
                                                  NORMAL
..................................................................
TEMPERATURE (F)
 YESTERDAY
  MAXIMUM         73    107 PM  86    2012  69      4       74
  MINIMUM         49   1159 PM  34    2013  47      2       46
  AVERAGE         61                        58      3       60

PRECIPITATION (IN)
  YESTERDAY        0.06          1.36 1967   0.15  -0.09     0.00
  MONTH TO DATE    2.12                      3.45  -1.33     2.91
  SINCE MAR 1      5.14                      6.90  -1.76     3.62
  SINCE JAN 1      7.42                     11.00  -3.58     5.08

DEGREE DAYS
 HEATING
  YESTERDAY        4                         8     -4        5
  MONTH TO DATE  179                       279   -100      261
  SINCE MAR 1    791                       893   -102     1012
  SINCE JUL 1   4908                      4683    225     5318

 COOLING
  YESTERDAY        0                         1     -1        0
  MONTH TO DATE   13                        19     -6        8
  SINCE MAR 1     13                        23    -10        8
  SINCE JAN 1     13                        23    -10        8
..................................................................


WIND (MPH)
  HIGHEST WIND SPEED    28   HIGHEST WIND DIRECTION     W (250)
  HIGHEST GUST SPEED    34   HIGHEST GUST DIRECTION     W (250)
  AVERAGE WIND SPEED    13.6


SKY COVER
  AVERAGE SKY COVER 1.0


WEATHER CONDITIONS
 THE FOLLOWING WEATHER WAS RECORDED YESTERDAY.
  LIGHT RAIN
  FOG
  HAZE


RELATIVE HUMIDITY (PERCENT)
 HIGHEST   100           300 AM
 LOWEST     53           200 PM
 AVERAGE    77

..........................................................


THE VICHY-ROLLA MO CLIMATE NORMALS FOR TODAY
                         NORMAL    RECORD    YEAR
 MAXIMUM TEMPERATURE (F)   70        86      1994
 MINIMUM TEMPERATURE (F)   47        32      1976


SUNRISE AND SUNSET
APRIL 26 2015.........SUNRISE   617 AM CDT   SUNSET   753 PM CDT
APRIL 27 2015.........SUNRISE   616 AM CDT   SUNSET   754 PM CDT


-  INDICATES NEGATIVE NUMBERS.
R  INDICATES RECORD WAS SET OR TIED.
MM INDICATES DATA IS MISSING.
T  INDICATES TRACE AMOUNT.




$$
