000
CDUS42 KFFC 180819
CLIVPC


CLIMATE REPORT
NATIONAL WEATHER SERVICE PEACHTREE CITY GA
417 AM EDT SAT APR 18 2015


...................................

...THE CARTERSVILLE CLIMATE SUMMARY FOR APRIL 17 2015...

CLIMATE NORMAL PERIOD 1981 TO 2010
CLIMATE RECORD PERIOD 9999 TO 9999


WEATHER ITEM   OBSERVED TIME   RECORD YEAR NORMAL DEPARTURE LAST
                VALUE   (LST)  VALUE       VALUE  FROM      YEAR
                                                  NORMAL
..................................................................
TEMPERATURE (F)
 YESTERDAY
  MAXIMUM         62   1159 PM  MM      MM  73    -11       66
  MINIMUM         55    622 AM  MM      MM  46      9       42
  AVERAGE         59                        60     -1       54

PRECIPITATION (IN)
  YESTERDAY        0.48         MM      MM   0.11   0.37     0.00
  MONTH TO DATE    3.45                      2.05   1.40     4.71
  SINCE MAR 1      6.21                      6.77  -0.56     9.42
  SINCE JAN 1     14.80                     16.27  -1.47    15.14

SNOWFALL (IN)
  YESTERDAY       MM            MM      MM  MM     MM       MM
  MONTH TO DATE    0.0                      MM     MM        0.0
  SINCE MAR 1      0.0                      MM     MM        0.0
  SINCE JUL 1      T                        MM     MM        0.0
  SNOW DEPTH      MM

DEGREE DAYS
 HEATING
  YESTERDAY        6                         6      0       11
  MONTH TO DATE   61                       136    -75      124
  SINCE MAR 1    385                       552   -167      594
  SINCE JUL 1   3236                      3164     72     3388

 COOLING
  YESTERDAY        0                         1     -1        0
  MONTH TO DATE   34                         6     28        4
  SINCE MAR 1     34                        10     24        4
  SINCE JAN 1     34                        10     24        4
..................................................................


WIND (MPH)
  RESULTANT WIND SPEED   3   RESULTANT WIND DIRECTION   E (90)
  HIGHEST WIND SPEED     8   HIGHEST WIND DIRECTION     E (100)
  HIGHEST GUST SPEED    12   HIGHEST GUST DIRECTION    SE (140)
  AVERAGE WIND SPEED     2.5


SKY COVER
  AVERAGE SKY COVER 1.0


WEATHER CONDITIONS
 THE FOLLOWING WEATHER WAS RECORDED YESTERDAY.
  RAIN
  LIGHT RAIN
  FOG


RELATIVE HUMIDITY (PERCENT)
 HIGHEST    97           900 PM
 LOWEST     86           900 AM
 AVERAGE    92

..........................................................


THE CARTERSVILLE CLIMATE NORMALS FOR TODAY
                         NORMAL    RECORD    YEAR
 MAXIMUM TEMPERATURE (F)   73        MM        MM
 MINIMUM TEMPERATURE (F)   46        MM        MM


SUNRISE AND SUNSET
APRIL 18 2015.........SUNRISE   705 AM EDT   SUNSET   813 PM EDT
APRIL 19 2015.........SUNRISE   704 AM EDT   SUNSET   814 PM EDT


-  INDICATES NEGATIVE NUMBERS.
R  INDICATES RECORD WAS SET OR TIED.
MM INDICATES DATA IS MISSING.
T  INDICATES TRACE AMOUNT.




$$
