000
CDUS43 KLBF 180938
CLIVTN

CLIMATE REPORT
NATIONAL WEATHER SERVICE NORTH PLATTE
437 AM CDT SAT APR 18 2015


...................................

...THE VALENTINE NE CLIMATE SUMMARY FOR APRIL 17 2015...

CLIMATE NORMAL PERIOD 1981 TO 2010
CLIMATE RECORD PERIOD 1885 TO 2015


WEATHER ITEM   OBSERVED TIME   RECORD YEAR NORMAL DEPARTURE LAST
                VALUE   (LST)  VALUE       VALUE  FROM      YEAR
                                                  NORMAL
..................................................................
TEMPERATURE (F)
 YESTERDAY
  MAXIMUM         57   1147 AM  91    1985  61     -4       55
  MINIMUM         50    642 AM  10    1990  33     17       19
  AVERAGE         54                        47      7       37

PRECIPITATION (IN)
  YESTERDAY        0.40          0.88 1930   0.08   0.32      T
  MONTH TO DATE    0.94                      1.09  -0.15     0.44
  SINCE MAR 1      0.97                      2.16  -1.19     0.93
  SINCE JAN 1      1.59                      2.90  -1.31     1.59

SNOWFALL (IN)
  YESTERDAY        0.0           7.7  1995   0.2   -0.2       T
  MONTH TO DATE    0.3                       3.1   -2.8      3.3
  SINCE MAR 1      0.8                       9.6   -8.8      8.3
  SINCE JUL 1     22.5                      31.7   -9.2     34.8
  SNOW DEPTH       0

DEGREE DAYS
 HEATING
  YESTERDAY       11                        18     -7       28
  MONTH TO DATE  273                       355    -82      375
  SINCE MAR 1    960                      1248   -288     1344
  SINCE JUL 1   6086                      6484   -398     6822

 COOLING
  YESTERDAY        0                         0      0        0
  MONTH TO DATE    0                         0      0        0
  SINCE MAR 1      2                         0      2        0
  SINCE JAN 1      2                         0      2        0
..................................................................


WIND (MPH)
  HIGHEST WIND SPEED    18   HIGHEST WIND DIRECTION     N (10)
  HIGHEST GUST SPEED    23   HIGHEST GUST DIRECTION     N (10)
  AVERAGE WIND SPEED     9.8


SKY COVER
  POSSIBLE SUNSHINE  MM
  AVERAGE SKY COVER 1.0


WEATHER CONDITIONS
 THE FOLLOWING WEATHER WAS RECORDED YESTERDAY.
  THUNDERSTORM
  RAIN
  LIGHT RAIN
  FOG


RELATIVE HUMIDITY (PERCENT)
 HIGHEST    86           500 PM
 LOWEST     50           100 AM
 AVERAGE    68

..........................................................


THE VALENTINE NE CLIMATE NORMALS FOR TODAY
                         NORMAL    RECORD    YEAR
 MAXIMUM TEMPERATURE (F)   61        92      1985
 MINIMUM TEMPERATURE (F)   34        15      1988


SUNRISE AND SUNSET
APRIL 18 2015.........SUNRISE   656 AM CDT   SUNSET   828 PM CDT
APRIL 19 2015.........SUNRISE   655 AM CDT   SUNSET   829 PM CDT


-  INDICATES NEGATIVE NUMBERS.
R  INDICATES RECORD WAS SET OR TIED.
MM INDICATES DATA IS MISSING.
T  INDICATES TRACE AMOUNT.

$$
