000
CDUS46 KLOX 040913
CLIWJF


CLIMATE REPORT
NATIONAL WEATHER SERVICE LOS ANGELES/OXNARD CA
213 AM PDT MON MAY 4 2015


...................................

...THE LANCASTER FOX FIELD CA CLIMATE SUMMARY FOR MAY 3 2015...

CLIMATE NORMAL PERIOD 1981 TO 2010
CLIMATE RECORD PERIOD 1948 TO 2015


WEATHER ITEM   OBSERVED TIME   RECORD YEAR NORMAL DEPARTURE
                VALUE   (LST)  VALUE       VALUE  FROM
                                                  NORMAL
...............................................................
TEMPERATURE (F)
 YESTERDAY
  MAXIMUM         82    220 PM  98    2004  78      4
  MINIMUM         51    416 AM  35    1953  50      1
  AVERAGE         67                        64      3

PRECIPITATION (IN)
  YESTERDAY        0.00          0.21 2003   0.01  -0.01
  MONTH TO DATE    0.00                      0.02  -0.02
  SINCE OCT 1      4.33                      6.92  -2.59
  SINCE JAN 1      1.41                      4.79  -3.38

SNOWFALL (IN)
  YESTERDAY        0.0           0.0    MM
  MONTH TO DATE    0.0
  SINCE MAR 1      0.0
  SINCE JUL 1      0.0
  SNOW DEPTH       0

DEGREE DAYS
 HEATING
  YESTERDAY        0                               -3
  MONTH TO DATE    0                              -11
  SINCE MAR 1    402                             -184
  SINCE JUL 1   2271                             -608

 COOLING
  YESTERDAY        2                               -1
  MONTH TO DATE   10                                2
  SINCE MAR 1     38                                0
  SINCE JAN 1     38                                0
...............................................................


WIND (MPH)
  HIGHEST WIND SPEED    28   HIGHEST WIND DIRECTION    SW (230)
  HIGHEST GUST SPEED    35   HIGHEST GUST DIRECTION     W (250)
  AVERAGE WIND SPEED    14.6




RELATIVE HUMIDITY (PERCENT)
 HIGHEST    41
 LOWEST     14
 AVERAGE    28

..........................................................


THE LANCASTER FOX FIELD CA CLIMATE NORMALS FOR TODAY
                         NORMAL    RECORD    YEAR
 MAXIMUM TEMPERATURE (F)   79        95      2004
 MINIMUM TEMPERATURE (F)   51        37      1991


SUNRISE AND SUNSET
MAY  4 2015...........SUNRISE   600 AM PDT   SUNSET   740 PM PDT
MAY  5 2015...........SUNRISE   559 AM PDT   SUNSET   741 PM PDT


-  INDICATES NEGATIVE NUMBERS.
R  INDICATES RECORD WAS SET OR TIED.
MM INDICATES DATA IS MISSING.
T  INDICATES TRACE AMOUNT.




$$
