000
CDAK47 PAYA 250909
CLIYAK

CLIMATE REPORT
NATIONAL WEATHER SERVICE YAKUTAT, AK
109 AM AKDT SAT APR 25 2015

...................................
...THE YAKUTAT AP CLIMATE SUMMARY FOR APRIL 24 2015...

CLIMATE NORMAL PERIOD  1981 TO  2010
CLIMATE RECORD PERIOD  1948 TO  2015

WEATHER ITEM   OBSERVED TIME    RECORD YEAR NORMAL DEPARTURE LAST
               VALUE    (LST)   VALUE       VALUE  FROM      YEAR
                                                   NORMAL
...................................................................
TEMPERATURE
YESTERDAY
 MAXIMUM            53  0147 PM    68  1997     48       5     43
 MINIMUM            28  0525 AM    19  1967     32      -4     36
 AVERAGE            41                          40       1     40

PRECIPITATION
(INCHES)
 YESTERDAY        0.00           1.63  1964   0.30   -0.30   0.14
 MONTH TO DATE   13.44                        7.46    5.98   3.33
 SINCE MAR 1     23.86                       18.50    5.36   7.38
 SINCE JAN 1     48.23                       43.02    5.21  34.44

SNOWFALL
(INCHES)
 YESTERDAY         0.0            3.8  1955    0.2    -0.2    0.0
 MONTH TO DATE     6.8                         9.4    -2.6    5.8
 SINCE MAR 1      34.3                        36.6    -2.3   13.6
 SINCE JUL 1      47.1                       138.8   -91.7  109.0
 SNOW DEPTH (IN)     0                                          T

DEGREE DAYS
 HEATING
  YESTERDAY         24                          25      -1     25
  MONTH TO DATE    635                         669     -34    681
  SINCE MAR 1     1558                        1691    -133   1760
  SINCE JUL 1     6990                        7820    -830   7573

 COOLING
  YESTERDAY          0                           0       0      0
  MONTH TO DATE      0                           0       0      0
  SINCE MAR 1        0                           0       0      0
  SINCE JAN 1        0                           0       0      0
...................................................................

WIND (MPH)
 HIGHEST WIND SPEED    12     HIGHEST WIND DIRECTION    250
 HIGHEST GUST SPEED    14     HIGHEST GUST DIRECTION    240
 AVERAGE WIND SPEED   3.0

SKY COVER
  POSSIBLE SUNSHINE    MM          AVERAGE SKY COVER     MM

WEATHER CONDITIONS
 THE FOLLOWING WEATHER WAS RECORDED YESTERDAY.
  NO SIGNIFICANT WEATHER WAS OBSERVED.

RELATIVE HUMIDITY
 HIGHEST RH     MM PERCENT       MM
 LOWEST  RH     MM PERCENT       MM
 AVERAGE RH     MM PERCENT       MM
...................................................................

THE YAKUTAT CLIMATE NORMALS FOR TODAY
                           NORMAL    RECORD   YEAR
 MAXIMUM TEMPERATURE (F)     48        68     2005
 MINIMUM TEMPERATURE (F)     32        18     1954

SUNRISE AND SUNSET
 APR 25 2015..........SUNRISE  5:36 AM      SUNSET  9:00 PM
 APR 26 2015..........SUNRISE  5:33 AM      SUNSET  9:03 PM

-  INDICATES NEGATIVE NUMBERS.
R  INDICATES RECORD HAS BEEN SET OR TIED.
MM INDICATES DATA IS MISSING.
T  INDICATES TRACE OF PRECIPITATION.

&&
-------------------------------------------------------------------

AMOUNT OF DAYLIGHT TODAY  (HOUR:MIN)........15 HOURS 24 MINUTES
GAIN/LOSS SINCE YESTERDAY (HOUR:MIN:SEC)....+0:05:11

$$
*** APR 15
