000
CXUS54 KLIX 032028
CLMBTR


CLIMATE REPORT
NATIONAL WEATHER SERVICE NEW ORLEANS
325 PM CDT FRI APR 3 2015

...................................

...THE BATON ROUGE  ASOS CLIMATE SUMMARY FOR THE MONTH OF MARCH 2015...

CLIMATE NORMAL PERIOD 1981 TO 2010
CLIMATE RECORD PERIOD 1894 TO 2015

WEATHER         OBSERVED          NORMAL  DEPART  LAST YEAR`S
                 VALUE   DATE(S)  VALUE   FROM    VALUE  DATE(S)
                                          NORMAL
................................................................
TEMPERATURE (F)
RECORD
 HIGH              91   03/17/1963
                        03/31/1946
 LOW               20   03/03/1980
HIGHEST            87   03/17                         84  03/22
LOWEST             26   03/06                         29  03/04
AVG. MAXIMUM     75.6              72.7     2.9     70.5
AVG. MINIMUM     54.6              50.3     4.3     46.5
MEAN             65.1              61.5     3.6     58.5
DAYS MAX >= 90      0               0.1    -0.1        0
DAYS MAX <= 32      0               0.0     0.0        0
DAYS MIN <= 32      3               0.7     2.3        2
DAYS MIN <= 0       0               0.0     0.0        0

PRECIPITATION (INCHES)
RECORD
 MAXIMUM
 MINIMUM
TOTALS           3.38              4.41   -1.03     3.22
DAILY AVG.       0.11              0.14   -0.03     0.10
DAYS >= .01        11               8.3     2.7        9
DAYS >= .10         7               5.6     1.4        6
DAYS >= .50         3               2.8     0.2        2
DAYS >= 1.00        1               1.6    -0.6        1
GREATEST
 24 HR. TOTAL    1.39   03/01 TO 03/02           03/28 TO 03/28


SNOWFALL (INCHES)
RECORDS
 TOTAL
 24 HR TOTAL
 SNOW DEPTH
TOTALS              T               0.0     0.0      0.0
SINCE 7/1           T               0.1    -0.1      0.4
SNOWDEPTH AVG.      0                                  0
DAYS >= TRACE       1               0.0     1.0        0
DAYS >= 1.0         0               0.0     0.0        0
GREATEST
 SNOW DEPTH         0                                  0
 24 HR TOTAL        T   03/05 TO 03/05

DEGREE_DAYS
HEATING TOTAL      93               167     -74      221
 SINCE 7/1       1635              1502     133     1927
COOLING TOTAL     103                58      45       26
 SINCE 1/1        107                89      18       46
..................................................

WIND (MPH)
AVERAGE WIND SPEED              6.7
HIGHEST WIND SPEED/DIRECTION    24/200    DATE  03/04
HIGHEST GUST SPEED/DIRECTION    33/350    DATE  03/05

SKY COVER
POSSIBLE SUNSHINE (PERCENT)
AVERAGE SKY COVER           0.60
NUMBER OF DAYS FAIR           11
NUMBER OF DAYS PC              6
NUMBER OF DAYS CLOUDY         14

AVERAGE RH (PERCENT)     74

WEATHER CONDITIONS. NUMBER OF DAYS WITH
THUNDERSTORM              0     MIXED PRECIP               0
HEAVY RAIN                4     RAIN                       8
LIGHT RAIN               15     FREEZING RAIN              0
LT FREEZING RAIN          0     HAIL                       0
HEAVY SNOW                0     SNOW                       0
LIGHT SNOW                0     SLEET                      0
FOG                      22     FOG W/VIS <= 1/4 MILE      3
HAZE                      7

-  INDICATES NEGATIVE NUMBERS.
R  INDICATES RECORD WAS SET OR TIED.
MM INDICATES DATA IS MISSING.
T  INDICATES TRACE AMOUNT.

$$
