000
CXUS54 KFWD 011105
CLMDFW


CLIMATE REPORT
NATIONAL WEATHER SERVICE FORT WORTH TX
555 AM CDT WED APR 1 2015

...................................

...THE DALLAS FORT WORTH CLIMATE SUMMARY FOR THE MONTH OF MARCH 2015...

CLIMATE NORMAL PERIOD 1981 TO 2010
CLIMATE RECORD PERIOD 1898 TO 2015

WEATHER         OBSERVED          NORMAL  DEPART  LAST YEAR`S
                 VALUE   DATE(S)  VALUE   FROM    VALUE  DATE(S)
                                          NORMAL
................................................................
TEMPERATURE (F)
RECORD
 HIGH             100   03/21/1916
                        03/09/1911
 LOW               10   03/03/1943
HIGHEST            83   03/31        85      -2       86  03/11
                        03/29
LOWEST             22   03/06        28      -6       16  03/03
                        03/05
AVG. MAXIMUM     65.0              68.2    -3.2     67.8
AVG. MINIMUM     47.2              47.0     0.2     42.4
MEAN             56.1              57.6    -1.5     55.1
DAYS MAX >= 90      0               0.2    -0.2        0
DAYS MAX <= 32      0               0.1    -0.1        0
DAYS MAX >= 100     0                                  0
DAYS MIN <= 32      5               1.8     3.2        4
DAYS MIN <= 0       0               0.0     0.0        0
DAYS MIN >= 80      0                                  0

PRECIPITATION (INCHES)
RECORD
 MAXIMUM         7.39   2002
 MINIMUM         0.02   1925
TOTALS           2.53              3.49   -0.96     1.45
DAILY AVG.       0.08              0.11   -0.03     0.05
DAYS >= .01        12               7.8     4.2        5
DAYS >= .10         4               5.1    -1.1        1
DAYS >= .50         2               2.5    -0.5        1
DAYS >= 1.00        0               0.9    -0.9        1
GREATEST
 24 HR. TOTAL    0.70   03/04 TO 03/04              1.29

SNOWFALL (INCHES)
RECORDS
 TOTAL            6.1   1942
 24 HR TOTAL      6.0   03/13/1924 TO 03/13/1924
TOTALS            3.5               0.2     3.3      0.1
SINCE 7/1         5.8               1.2     4.6      2.9
SNOWDEPTH AVG.      0                MM      MM        0
DAYS >= TRACE       2                                  2
DAYS >= 1.0         2               0.1     1.9        0
GREATEST
 SNOW DEPTH         4   03/05                         -1  03/03
 24 HR TOTAL      2.5   03/04 TO 03/04               0.1

DEGREE_DAYS
HEATING TOTAL     301               261      40      321
 SINCE 7/1       2337              2193     144     2494
COOLING TOTAL      34                32       2       22
 SINCE 1/1         34                39      -5       22
.................................................................

WIND (MPH)
AVERAGE WIND SPEED              9.3
HIGHEST WIND SPEED/DIRECTION    33/350    DATE  03/26
HIGHEST GUST SPEED/DIRECTION    41/340    DATE  03/26

SKY COVER
POSSIBLE SUNSHINE (PERCENT)   MM
AVERAGE SKY COVER           0.70
NUMBER OF DAYS FAIR            6
NUMBER OF DAYS PC              9
NUMBER OF DAYS CLOUDY         16

AVERAGE RH (PERCENT)     75

WEATHER CONDITIONS. NUMBER OF DAYS WITH
THUNDERSTORM              0     MIXED PRECIP               0
HEAVY RAIN                1     RAIN                       5
LIGHT RAIN               18     FREEZING RAIN              1
LT FREEZING RAIN          2     HAIL                       0
HEAVY SNOW                1     SNOW                       2
LIGHT SNOW                2     SLEET                      1
FOG                      16     FOG W/VIS <= 1/4 MILE      6
HAZE                      2

-  INDICATES NEGATIVE NUMBERS.
R  INDICATES RECORD WAS SET OR TIED.
MM INDICATES DATA IS MISSING.
T  INDICATES TRACE AMOUNT.

$$
