000
CXUS53 KGLD 042002
CLMHLC

CLIMATE REPORT
NATIONAL WEATHER SERVICE GOODLAND
158 PM MDT MON MAY 4 2015

...................................

...THE HILL CITY CLIMATE SUMMARY FOR THE MONTH OF APRIL 2015...

CLIMATE NORMAL PERIOD 1981 TO 2010
CLIMATE RECORD PERIOD 1896 TO 2015

WEATHER         OBSERVED          NORMAL  DEPART  LAST YEAR`S
                 VALUE   DATE(S)  VALUE   FROM    VALUE  DATE(S)
                                          NORMAL
................................................................
TEMPERATURE (F)
RECORD
 HIGH             101   04/22/1989
 LOW                4   04/02/1936
HIGHEST            89   04/01        89       0       92  04/26
LOWEST             29   04/10        22       7       19  04/15
AVG. MAXIMUM     68.7              65.5     3.2     68.0
AVG. MINIMUM     41.5              37.8     3.7     39.5
MEAN             55.1              51.6     3.5     53.8
DAYS MAX >= 90      0               0.2    -0.2        1
DAYS MAX <= 32      0               0.2    -0.2        0
DAYS MIN <= 32      4               8.0    -4.0        7
DAYS MIN <= 0       0               0.0     0.0        0

PRECIPITATION (INCHES)
RECORD
 MAXIMUM         5.99   1943
 MINIMUM         0.07   1946
TOTALS           3.55              2.12    1.43     3.38
DAILY AVG.       0.12              0.07    0.05     0.11
DAYS >= .01         9                MM      MM        9
DAYS >= .10         6                MM      MM        3
DAYS >= .50         3                MM      MM        2
DAYS >= 1.00        1                MM      MM        2
GREATEST
 24 HR. TOTAL    1.22   04/18 TO 04/19              1.65


.................................................................



-  INDICATES NEGATIVE NUMBERS.
R  INDICATES RECORD WAS SET OR TIED.
MM INDICATES DATA IS MISSING.
T  INDICATES TRACE AMOUNT.

$$
