000
CXUS53 KGID 011953 CCA
CLMHSI

CLIMATE REPORT...CORRECTION
NATIONAL WEATHER SERVICE HASTINGS NE
1218 PM CDT WED APR 1 2015
CORRECTED THUNDERSTORM DAYS

...................................

...THE HASTINGS NE CLIMATE SUMMARY FOR THE MONTH OF MARCH 2015...

CLIMATE NORMAL PERIOD 1981 TO 2010
CLIMATE RECORD PERIOD 1894 TO 2015

WEATHER         OBSERVED          NORMAL  DEPART  LAST YEAR`S
                 VALUE   DATE(S)  VALUE   FROM    VALUE  DATE(S)
                                          NORMAL
................................................................
TEMPERATURE (F)
RECORD
 HIGH              90   03/23/1910
 LOW              -13   03/11/1948
HIGHEST            89   03/16        78      11       78  03/30
LOWEST              1   03/05         8      -7       -5  03/03
                                                          03/02
AVG. MAXIMUM     61.0              51.2     9.8     51.5
AVG. MINIMUM     27.8              28.7    -0.9     22.5
MEAN             44.4              39.9     4.5     37.0
DAYS MAX >= 90      0               0.0     0.0        0
DAYS MAX <= 32      1               2.7    -1.7        4
DAYS MIN <= 32     21              20.1     0.9       28
DAYS MIN <= 0       0               0.3    -0.3        3

PRECIPITATION (INCHES)
RECORD
 MAXIMUM         7.76   1987
 MINIMUM            T   1936
                        1929
                        1918
TOTALS           0.20              1.79   -1.59     0.15
DAILY AVG.       0.01              0.06   -0.05     0.00
DAYS >= .01         3                MM      MM        3
DAYS >= .10         1                MM      MM        1
DAYS >= .50         0                MM      MM        0
DAYS >= 1.00        0                MM      MM        0
GREATEST
 24 HR. TOTAL    0.15   03/24 TO 03/24

SNOWFALL (INCHES)
RECORDS
 TOTAL           28.5   1906
TOTALS            0.8               5.2    -4.4      1.2
SINCE 7/1        17.0              27.6   -10.6     19.5
SNOWDEPTH AVG.      0                MM      MM        0
DAYS >= 1.0         0                MM      MM        1
GREATEST
 SNOW DEPTH         1   03/04                          1  03/19

DEGREE_DAYS
HEATING TOTAL     634               777    -143      859
 SINCE 7/1       5257              5407    -150     5739
COOLING TOTAL       0                 0       0        0
 SINCE 1/1          0                 0       0        0
.................................................................

WIND (MPH)
AVERAGE WIND SPEED              9.9
HIGHEST WIND SPEED/DIRECTION    39/340    DATE  03/29
HIGHEST GUST SPEED/DIRECTION    47/330    DATE  03/29

SKY COVER
POSSIBLE SUNSHINE (PERCENT)   MM
AVERAGE SKY COVER           0.20
NUMBER OF DAYS FAIR           23
NUMBER OF DAYS PC              7
NUMBER OF DAYS CLOUDY          1

AVERAGE RH (PERCENT)     51

WEATHER CONDITIONS. NUMBER OF DAYS WITH
THUNDERSTORM              1     MIXED PRECIP               0
HEAVY RAIN                0     RAIN                       1
LIGHT RAIN                4     FREEZING RAIN              0
LT FREEZING RAIN          0     HAIL                       0
HEAVY SNOW                0     SNOW                       0
LIGHT SNOW                5     SLEET                      1
FOG                       6     FOG W/VIS <= 1/4 MILE      2
HAZE                      6

-  INDICATES NEGATIVE NUMBERS.
R  INDICATES RECORD WAS SET OR TIED.
MM INDICATES DATA IS MISSING.
T  INDICATES TRACE AMOUNT.

$$
DOXEY
