000
CXUS51 KRNK 020005
CLMLWB

CLIMATE REPORT
NATIONAL WEATHER SERVICE BLACKSBURG VA
751 PM EDT WED APR 1 2015

...................................

...THE LEWISBURG WV CLIMATE SUMMARY FOR THE MONTH OF MARCH 2015...

CLIMATE NORMAL PERIOD 1981 TO 2010
CLIMATE RECORD PERIOD 1973 TO 2015

WEATHER         OBSERVED          NORMAL  DEPART
                 VALUE   DATE(S)  VALUE   FROM
                                          NORMAL
................................................
TEMPERATURE (F)
RECORD
 HIGH              81   MM
 LOW               -3   03/06/2015
HIGHEST            73   03/16
LOWEST             -3R  03/06
AVG. MAXIMUM     53.0              51.8     1.2
AVG. MINIMUM     31.5              26.8     4.7
MEAN             42.3              39.3     3.0
DAYS MAX >= 90      0               0.0     0.0
DAYS MAX <= 32      2               1.7     0.3
DAYS MIN <= 32     12              22.6   -10.6
DAYS MIN <= 0       1               0.1     0.9

SNOWFALL (INCHES)
TOTALS            4.0
SINCE 7/1        39.7
SNOWDEPTH AVG.      2
DAYS >= 1.0         1
GREATEST
 SNOW DEPTH        11

DEGREE_DAYS
HEATING TOTAL     695               797    -102
 SINCE 7/1       4908              5222    -314
COOLING TOTAL       0                 0       0
 SINCE 1/1          0                 0       0
.................................................

WIND (MPH)
AVERAGE WIND SPEED              4.8
HIGHEST WIND SPEED/DIRECTION    23/260    DATE  03/31
HIGHEST GUST SPEED/DIRECTION    33/260    DATE  03/31



-  INDICATES NEGATIVE NUMBERS.
R  INDICATES RECORD WAS SET OR TIED.
MM INDICATES DATA IS MISSING.
T  INDICATES TRACE AMOUNT.

REMARKS:
DUE TO HIGHLY SUSPECT PRECIPITATION VALUES FROM THE AUTOMATED RAIN
GAUGE...ALL LIQUID PRECIPITATION DATA WILL BE CODED AS MISSING.

JDR

$$
