000
CXUS53 KGRB 010728
CLMRHI


CLIMATE REPORT
NATIONAL WEATHER SERVICE GREEN BAY
227 AM CDT WED APR 1 2015

...................................

...THE RHINELANDER WI CLIMATE SUMMARY FOR THE MONTH OF MARCH 2015...

CLIMATE NORMAL PERIOD 1981 TO 2010
CLIMATE RECORD PERIOD 1908 TO 2015

WEATHER         OBSERVED          NORMAL  DEPART  LAST YEAR`S
                 VALUE   DATE(S)  VALUE   FROM    VALUE  DATE(S)
                                          NORMAL
................................................................
TEMPERATURE (F)
RECORD
 HIGH              79   03/29/1910
 LOW              -34   03/11/1948
HIGHEST            58   03/13        60      -2       54  03/10
LOWEST            -20   03/05       -11      -9      -28  03/03
AVG. MAXIMUM     39.4              37.2     2.2     29.3
AVG. MINIMUM     17.3              17.1     0.2      7.4
MEAN             28.3              27.1     1.2     18.3
DAYS MAX >= 90      0               0.0     0.0        0
DAYS MAX <= 32      8              10.4    -2.4       17
DAYS MIN <= 32     28              27.6     0.4       30
DAYS MIN <= 0       3               3.3    -0.3       10

PRECIPITATION (INCHES)
RECORD
 MAXIMUM         5.75   1942
 MINIMUM         0.15   1978
TOTALS           0.77              1.57   -0.80     0.76
DAILY AVG.       0.02              0.05   -0.03     0.02
DAYS >= .01         6                MM      MM        8
DAYS >= .10         4                MM      MM        1
DAYS >= .50         0                MM      MM        1
DAYS >= 1.00        0                MM      MM        0
GREATEST
 STORM TOTAL       MM
 (MM/DD(HH))            MM

SNOWFALL (INCHES)
RECORDS
 TOTAL           27.6   2011
TOTALS            6.5                MM      MM      9.6
SINCE 7/1        75.4                MM      MM     82.1
DAYS >= TRACE       9                MM      MM       18
DAYS >= 1.0         2                MM      MM        2
GREATEST
 SNOW DEPTH        19   03/05                         28  03/04
                        03/04
                        03/03
 24 HR TOTAL      3.8   MM

DEGREE_DAYS
HEATING TOTAL    1130              1173     -43     1439
 SINCE 7/1       8471              7795     676     9068
COOLING TOTAL       0                 0       0        0
 SINCE 1/1          0                 0       0        0
.................................................................

WIND (MPH)
AVERAGE WIND SPEED              8.4
HIGHEST WIND SPEED/DIRECTION    26/260    DATE  03/25
HIGHEST GUST SPEED/DIRECTION    38/260    DATE  03/25

SKY COVER
POSSIBLE SUNSHINE (PERCENT)   MM
AVERAGE SKY COVER           0.40
NUMBER OF DAYS FAIR           15
NUMBER OF DAYS PC             11
NUMBER OF DAYS CLOUDY          5

AVERAGE RH (PERCENT)     60

WEATHER CONDITIONS. NUMBER OF DAYS WITH
THUNDERSTORM              0     MIXED PRECIP               0
HEAVY RAIN                0     RAIN                       0
LIGHT RAIN                5     FREEZING RAIN              0
LT FREEZING RAIN          1     HAIL                       0
HEAVY SNOW                0     SNOW                       2
LIGHT SNOW                9     SLEET                      0
FOG                      11     FOG W/VIS <= 1/4 MILE      2
HAZE                      6

-  INDICATES NEGATIVE NUMBERS.
R  INDICATES RECORD WAS SET OR TIED.
MM INDICATES DATA IS MISSING.
T  INDICATES TRACE AMOUNT.

$$
