000
CDUS43 KIND 092042
CLIBMG


CLIMATE REPORT
NATIONAL WEATHER SERVICE INDIANAPOLIS IN
442 PM EDT THU APR 9 2015


...................................

...THE BLOOMINGTON IN CLIMATE SUMMARY FOR APRIL 9 2015...
VALID TODAY AS OF 0400 PM LOCAL TIME.

CLIMATE NORMAL PERIOD 1981 TO 2010
CLIMATE RECORD PERIOD 9999 TO 9999


WEATHER ITEM   OBSERVED TIME   NORMAL DEPARTURE LAST
                VALUE   (LST)  VALUE  FROM      YEAR
                                      NORMAL
......................................................
TEMPERATURE (F)
 TODAY
  MAXIMUM         78    259 PM  63     15       62
  MINIMUM         58    300 AM  40     18       33
  AVERAGE         68            52     16       48

PRECIPITATION (IN)
  TODAY            T             0.15  -0.15     0.00
  MONTH TO DATE    1.70          1.38   0.32     4.70
  SINCE MAR 1      6.34          5.26   1.08     6.64
  SINCE JAN 1      9.91         11.33  -1.42    11.29

......................................................


WIND (MPH)
  HIGHEST WIND SPEED    29   HIGHEST WIND DIRECTION    SW (210)
  HIGHEST GUST SPEED    43   HIGHEST GUST DIRECTION    SW (240)
  AVERAGE WIND SPEED    10.2


SKY COVER
  AVERAGE SKY COVER 0.6


WEATHER CONDITIONS
 THE FOLLOWING WEATHER WAS RECORDED TODAY.
  LIGHT RAIN
  FOG


RELATIVE HUMIDITY (PERCENT)
 HIGHEST    97           400 AM
 LOWEST     56           300 PM

..........................................................


THE BLOOMINGTON IN CLIMATE NORMALS FOR TOMORROW
                         NORMAL
 MAXIMUM TEMPERATURE (F)   64
 MINIMUM TEMPERATURE (F)   41


SUNRISE AND SUNSET
APRIL  9 2015.........SUNRISE   719 AM EDT   SUNSET   818 PM EDT
APRIL 10 2015.........SUNRISE   718 AM EDT   SUNSET   819 PM EDT


-  INDICATES NEGATIVE NUMBERS.
R  INDICATES RECORD WAS SET OR TIED.
MM INDICATES DATA IS MISSING.
T  INDICATES TRACE AMOUNT.




$$
