000
CDUS43 KIND 170531
CLIBMG


CLIMATE REPORT
NATIONAL WEATHER SERVICE INDIANAPOLIS IN
131 AM EDT FRI APR 17 2015


...................................

...THE BLOOMINGTON IN CLIMATE SUMMARY FOR APRIL 16 2015...

CLIMATE NORMAL PERIOD 1981 TO 2010
CLIMATE RECORD PERIOD 9999 TO 9999


WEATHER ITEM   OBSERVED TIME   NORMAL DEPARTURE LAST
                VALUE   (LST)  VALUE  FROM      YEAR
                                      NORMAL
......................................................
TEMPERATURE (F)
 YESTERDAY
  MAXIMUM         70    502 PM  65      5       52
  MINIMUM         53   1159 PM  43     10       27
  AVERAGE         62            54      8       40

PRECIPITATION (IN)
  YESTERDAY        0.62          0.15   0.47     0.00
  MONTH TO DATE    3.32          2.42   0.90     5.75
  SINCE MAR 1      7.96          6.30   1.66     7.69
  SINCE JAN 1     11.53         12.37  -0.84    12.34

DEGREE DAYS
 HEATING
  YESTERDAY        3            12     -9       25
  MONTH TO DATE  126           224    -98      220
  SINCE MAR 1    870           912    -42     1057
  SINCE JUL 1   5441          4980    461     5619

 COOLING
  YESTERDAY        0             1     -1        0
  MONTH TO DATE    6             8     -2        6
  SINCE MAR 1      6            11     -5        6
  SINCE JAN 1      6            11     -5        6
......................................................


WIND (MPH)
  HIGHEST WIND SPEED    14   HIGHEST WIND DIRECTION     E (100)
  HIGHEST GUST SPEED    18   HIGHEST GUST DIRECTION    SE (120)
  AVERAGE WIND SPEED     5.2


SKY COVER
  AVERAGE SKY COVER 0.8


WEATHER CONDITIONS
 THE FOLLOWING WEATHER WAS RECORDED YESTERDAY.
  THUNDERSTORM
  HEAVY RAIN
  LIGHT RAIN
  FOG
  FOG W/VISIBILITY <= 1/4 MILE
  HAZE


RELATIVE HUMIDITY (PERCENT)
 HIGHEST   100           600 AM
 LOWEST     73           500 PM
 AVERAGE    87

..........................................................


THE BLOOMINGTON IN CLIMATE NORMALS FOR TODAY
                         NORMAL
 MAXIMUM TEMPERATURE (F)   66
 MINIMUM TEMPERATURE (F)   43


SUNRISE AND SUNSET
APRIL 17 2015.........SUNRISE   707 AM EDT   SUNSET   826 PM EDT
APRIL 18 2015.........SUNRISE   706 AM EDT   SUNSET   827 PM EDT


-  INDICATES NEGATIVE NUMBERS.
R  INDICATES RECORD WAS SET OR TIED.
MM INDICATES DATA IS MISSING.
T  INDICATES TRACE AMOUNT.




$$
