000
CDUS43 KPAH 062138
CLIEVV


CLIMATE REPORT
NATIONAL WEATHER SERVICE PADUCAH KY
438 PM CDT WED MAY 6 2015


...................................

...THE EVANSVILLE IN CLIMATE SUMMARY FOR MAY 6 2015...
VALID TODAY AS OF 0400 PM LOCAL TIME.

CLIMATE NORMAL PERIOD 1981 TO 2010
CLIMATE RECORD PERIOD 1896 TO 2015


WEATHER ITEM   OBSERVED TIME   RECORD YEAR NORMAL DEPARTURE LAST
                VALUE   (LST)  VALUE       VALUE  FROM      YEAR
                                                  NORMAL
..................................................................
TEMPERATURE (F)
 TODAY
  MAXIMUM         86    232 PM  91    2012  74     12       86
                                      1949
  MINIMUM         57    521 AM  34    1944  51      6       58
  AVERAGE         72                        63      9       72

PRECIPITATION (IN)
  TODAY            0.00          1.84 1908   0.17  -0.17     0.00
  MONTH TO DATE    0.00                      1.03  -1.03      T
  SINCE MAR 1     13.47                      9.64   3.83    13.82
  SINCE JAN 1     19.00                     15.91   3.09    17.77

SNOWFALL (IN)
  TODAY            0.0                                       0.0
  MONTH TO DATE    0.0                                       0.0
  SINCE JUL 1     18.5                                      12.6
  SNOW DEPTH       0

..................................................................


WIND (MPH)
  HIGHEST WIND SPEED    12   HIGHEST WIND DIRECTION    SE (150)
  HIGHEST GUST SPEED    15   HIGHEST GUST DIRECTION    SE (130)




..........................................................


THE EVANSVILLE IN CLIMATE NORMALS FOR TOMORROW
                         NORMAL    RECORD    YEAR
 MAXIMUM TEMPERATURE (F)   74        89      1986
 MINIMUM TEMPERATURE (F)   52        33      1944


SUNRISE AND SUNSET
MAY  6 2015...........SUNRISE   549 AM CDT   SUNSET   745 PM CDT
MAY  7 2015...........SUNRISE   548 AM CDT   SUNSET   746 PM CDT


-  INDICATES NEGATIVE NUMBERS.
R  INDICATES RECORD WAS SET OR TIED.
MM INDICATES DATA IS MISSING.
T  INDICATES TRACE AMOUNT.




$$
