000
CDUS43 KPAH 110630
CLIEVV


CLIMATE REPORT
NATIONAL WEATHER SERVICE PADUCAH KY
127 AM CDT SAT APR 11 2015

...................................

...THE EVANSVILLE IN CLIMATE SUMMARY FOR APRIL 10 2015...

CLIMATE NORMAL PERIOD 1981 TO 2010
CLIMATE RECORD PERIOD 1896 TO 2015

WEATHER ITEM   OBSERVED TIME   RECORD YEAR NORMAL DEPARTURE LAST
                VALUE   (LST)  VALUE       VALUE  FROM      YEAR
                                                  NORMAL
..................................................................
TEMPERATURE (F)
 YESTERDAY
  MAXIMUM         67   1230 AM  85    2011  66      1       78
                                      1992
                                      1977
  MINIMUM         49    619 AM  24    1966  43      6       50
  AVERAGE         58                        54      4       64

PRECIPITATION (IN)
  YESTERDAY        T             1.67 2008   0.14  -0.14     0.00
  MONTH TO DATE    3.70                      1.34   2.36     6.99
  SINCE MAR 1     10.55                      5.58   4.97     9.84
  SINCE JAN 1     16.08                     11.85   4.23    13.79

SNOWFALL (IN)
  YESTERDAY        0.0           0.3  1973   0.0    0.0      0.0
  MONTH TO DATE    0.0                       0.1   -0.1      0.0
  SINCE MAR 1      8.5                       1.1    7.4      2.6
  SINCE JUL 1     18.5                      11.8    6.7     12.6
  SNOW DEPTH       0

DEGREE DAYS
 HEATING
  YESTERDAY        7                        11     -4        1
  MONTH TO DATE   61                       126    -65       98
  SINCE MAR 1    680                       718    -38      811
  SINCE JUL 1   4516                      4292    224     4773

 COOLING
  YESTERDAY        0                         1     -1        0
  MONTH TO DATE   17                         2     15        0
  SINCE MAR 1     17                         5     12        0
  SINCE JAN 1     17                         5     12        0
..................................................................

WIND (MPH)
  HIGHEST WIND SPEED    25   HIGHEST WIND DIRECTION     W (250)
  HIGHEST GUST SPEED    35   HIGHEST GUST DIRECTION    NW (330)
  AVERAGE WIND SPEED     8.7

SKY COVER
  AVERAGE SKY COVER 0.1

WEATHER CONDITIONS
 THE FOLLOWING WEATHER WAS RECORDED YESTERDAY.
  LIGHT RAIN

RELATIVE HUMIDITY (PERCENT)
 HIGHEST    66
 LOWEST     34
 AVERAGE    50
..........................................................

THE EVANSVILLE IN CLIMATE NORMALS FOR TODAY
                         NORMAL    RECORD    YEAR
 MAXIMUM TEMPERATURE (F)   66        88      1930
 MINIMUM TEMPERATURE (F)   43        26      1989
                                             1973

SUNRISE AND SUNSET
APRIL 11 2015.........SUNRISE   621 AM CDT   SUNSET   722 PM CDT
APRIL 12 2015.........SUNRISE   619 AM CDT   SUNSET   723 PM CDT

-  INDICATES NEGATIVE NUMBERS.
R  INDICATES RECORD WAS SET OR TIED.
MM INDICATES DATA IS MISSING.
T  INDICATES TRACE AMOUNT.

$$
