000
CDUS43 KPAH 302132
CLIEVV


CLIMATE REPORT
NATIONAL WEATHER SERVICE PADUCAH KY
431 PM CDT THU APR 30 2015


...................................

...THE EVANSVILLE IN CLIMATE SUMMARY FOR APRIL 30 2015...
VALID TODAY AS OF 0400 PM LOCAL TIME.

CLIMATE NORMAL PERIOD 1981 TO 2010
CLIMATE RECORD PERIOD 1896 TO 2015


WEATHER ITEM   OBSERVED TIME   RECORD YEAR NORMAL DEPARTURE LAST
                VALUE   (LST)  VALUE       VALUE  FROM      YEAR
                                                  NORMAL
..................................................................
TEMPERATURE (F)
 TODAY
  MAXIMUM         68    213 PM  89    1942  72     -4       59
  MINIMUM         47   1239 AM  33    1988  49     -2       46
                                      1969
  AVERAGE         58                        61     -3       53

PRECIPITATION (IN)
  TODAY            T             2.26 1983   0.17  -0.17     0.00
  MONTH TO DATE    6.62                      4.37   2.25    10.97
  SINCE MAR 1     13.47                      8.61   4.86    13.82
  SINCE JAN 1     19.00                     14.88   4.12    17.77

SNOWFALL (IN)
  TODAY            0.0                                       0.0
  MONTH TO DATE    0.0                                       0.0
  SINCE JUL 1     18.5                                      12.6
  SNOW DEPTH       0

..................................................................


WIND (MPH)
  HIGHEST WIND SPEED    20   HIGHEST WIND DIRECTION     N (350)
  HIGHEST GUST SPEED    27   HIGHEST GUST DIRECTION     N (350)




..........................................................


THE EVANSVILLE IN CLIMATE NORMALS FOR TOMORROW
                         NORMAL    RECORD    YEAR
 MAXIMUM TEMPERATURE (F)   73        90      1951
 MINIMUM TEMPERATURE (F)   50        28      1963


SUNRISE AND SUNSET
APRIL 30 2015.........SUNRISE   555 AM CDT   SUNSET   740 PM CDT
MAY  1 2015...........SUNRISE   554 AM CDT   SUNSET   741 PM CDT


-  INDICATES NEGATIVE NUMBERS.
R  INDICATES RECORD WAS SET OR TIED.
MM INDICATES DATA IS MISSING.
T  INDICATES TRACE AMOUNT.




$$
