000
CDUS43 KPAH 220633
CLIEVV


CLIMATE REPORT
NATIONAL WEATHER SERVICE PADUCAH KY
131 AM CDT WED APR 22 2015


...................................

...THE EVANSVILLE IN CLIMATE SUMMARY FOR APRIL 21 2015...

CLIMATE NORMAL PERIOD 1981 TO 2010
CLIMATE RECORD PERIOD 1896 TO 2015


WEATHER ITEM   OBSERVED TIME   RECORD YEAR NORMAL DEPARTURE LAST
                VALUE   (LST)  VALUE       VALUE  FROM      YEAR
                                                  NORMAL
..................................................................
TEMPERATURE (F)
 YESTERDAY
  MAXIMUM         66    355 PM  87    1987  70     -4       77
  MINIMUM         43    500 AM  31    1904  46     -3       53
  AVERAGE         55                        58     -3       65

PRECIPITATION (IN)
  YESTERDAY        T             3.41 1928   0.15  -0.15     0.02
  MONTH TO DATE    6.26                      2.93   3.33     8.05
  SINCE MAR 1     13.11                      7.17   5.94    10.90
  SINCE JAN 1     18.64                     13.44   5.20    14.85

SNOWFALL (IN)
  YESTERDAY        0.0           0.0  2002   0.0    0.0      0.0
                                      2001
  MONTH TO DATE    0.0                       0.1   -0.1      0.0
  SINCE MAR 1      8.5                       1.1    7.4      2.6
  SINCE JUL 1     18.5                      11.8    6.7     12.6
  SNOW DEPTH       0

DEGREE DAYS
 HEATING
  YESTERDAY       10                         8      2        0
  MONTH TO DATE  104                       230   -126      183
  SINCE MAR 1    723                       822    -99      896
  SINCE JUL 1   4559                      4396    163     4858

 COOLING
  YESTERDAY        0                         1     -1        0
  MONTH TO DATE   28                        13     15        5
  SINCE MAR 1     28                        16     12        5
  SINCE JAN 1     28                        16     12        5
..................................................................


WIND (MPH)
  HIGHEST WIND SPEED    29   HIGHEST WIND DIRECTION    SW (240)
  HIGHEST GUST SPEED    35   HIGHEST GUST DIRECTION    SW (240)
  AVERAGE WIND SPEED    12.5


SKY COVER
  AVERAGE SKY COVER 0.2


WEATHER CONDITIONS
 THE FOLLOWING WEATHER WAS RECORDED YESTERDAY.
  LIGHT RAIN


RELATIVE HUMIDITY (PERCENT)
 HIGHEST    83
 LOWEST     30
 AVERAGE    57

..........................................................


THE EVANSVILLE IN CLIMATE NORMALS FOR TODAY
                         NORMAL    RECORD    YEAR
 MAXIMUM TEMPERATURE (F)   70        87      1965
 MINIMUM TEMPERATURE (F)   47        32      1978
                                             1936


SUNRISE AND SUNSET
APRIL 22 2015.........SUNRISE   605 AM CDT   SUNSET   732 PM CDT
APRIL 23 2015.........SUNRISE   604 AM CDT   SUNSET   733 PM CDT


-  INDICATES NEGATIVE NUMBERS.
R  INDICATES RECORD WAS SET OR TIED.
MM INDICATES DATA IS MISSING.
T  INDICATES TRACE AMOUNT.




$$
