000
CDUS43 KIND 050540
CLIEYE


CLIMATE REPORT
NATIONAL WEATHER SERVICE INDIANAPOLIS IN
140 AM EDT TUE MAY 5 2015


...................................

...THE INDIANAPOLIS EAGLE CREEK IN CLIMATE SUMMARY FOR MAY 4 2015...

CLIMATE NORMAL PERIOD 1981 TO 2010
CLIMATE RECORD PERIOD 9999 TO 9999


WEATHER ITEM   OBSERVED TIME   NORMAL DEPARTURE LAST
                VALUE   (LST)  VALUE  FROM      YEAR
                                      NORMAL
......................................................
TEMPERATURE (F)
 YESTERDAY
  MAXIMUM         76    558 PM  69      7       68
  MINIMUM         56    534 AM  49      7       50
  AVERAGE         66            59      7       59

PRECIPITATION (IN)
  YESTERDAY        0.07          0.21  -0.14     0.00
  MONTH TO DATE    0.07          0.86  -0.79     0.00
  SINCE MAR 1      8.20          8.06   0.14     7.66
  SINCE JAN 1     10.68         12.40  -1.72    12.04

DEGREE DAYS
 HEATING
  YESTERDAY        0             7     -7        6
  MONTH TO DATE   13            29    -16       47
  SINCE MAR 1   1165          1099     66     1299
  SINCE JUL 1   5851          5224    627     6125

 COOLING
  YESTERDAY        1             1      0        0
  MONTH TO DATE    1             4     -3        0
  SINCE MAR 1      5            19    -14        5
  SINCE JAN 1      5            19    -14        5
......................................................


WIND (MPH)
  HIGHEST WIND SPEED    15   HIGHEST WIND DIRECTION     N (350)
  HIGHEST GUST SPEED    21   HIGHEST GUST DIRECTION     S (170)
  AVERAGE WIND SPEED     5.4


SKY COVER
  AVERAGE SKY COVER 0.5


WEATHER CONDITIONS
 THE FOLLOWING WEATHER WAS RECORDED YESTERDAY.
  THUNDERSTORM
  LIGHT RAIN
  FOG


RELATIVE HUMIDITY (PERCENT)
 HIGHEST    84          1000 PM
 LOWEST     52          1200 AM
 AVERAGE    68

..........................................................


THE INDIANAPOLIS EAGLE CREEK IN CLIMATE NORMALS FOR TODAY
                         NORMAL
 MAXIMUM TEMPERATURE (F)   69
 MINIMUM TEMPERATURE (F)   49


SUNRISE AND SUNSET
MAY  5 2015...........SUNRISE   641 AM EDT   SUNSET   843 PM EDT
MAY  6 2015...........SUNRISE   640 AM EDT   SUNSET   844 PM EDT


-  INDICATES NEGATIVE NUMBERS.
R  INDICATES RECORD WAS SET OR TIED.
MM INDICATES DATA IS MISSING.
T  INDICATES TRACE AMOUNT.




$$
