000
CDUS43 KIWX 300025
CLIFWA


CLIMATE REPORT
NATIONAL WEATHER SERVICE NORTHERN INDIANA
820 PM EDT WED APR 29 2015


...................................

...THE FORT WAYNE CLIMATE SUMMARY FOR APRIL 29 2015...
VALID AS OF 0800 PM LOCAL TIME.

CLIMATE NORMAL PERIOD 1981 TO 2010
CLIMATE RECORD PERIOD 1897 TO 2015


WEATHER ITEM   OBSERVED TIME   RECORD YEAR NORMAL DEPARTURE LAST
                VALUE   (LST)  VALUE       VALUE  FROM      YEAR
                                                  NORMAL
..................................................................
TEMPERATURE (F)
 TODAY
  MAXIMUM         65    239 PM  90    1899  66     -1       76
  MINIMUM         37    549 AM  30    1977  44     -7       49
  AVERAGE         51                        55     -4       63

PRECIPITATION (IN)
  TODAY            0.00          1.12 1927   0.10  -0.10     0.08
  MONTH TO DATE    3.28                      3.41  -0.13     3.99
  SINCE MAR 1      5.35                      6.12  -0.77     5.89
  SINCE JAN 1      9.12                     10.42  -1.30    12.13

SNOWFALL (IN)
  TODAY            0.0           0.0  2002   0.0    0.0      0.0
                                      2001
  MONTH TO DATE    T                         1.0   -1.0      1.1
  SINCE MAR 1      8.6                       5.1    3.5     14.3
  SINCE JUL 1     45.1                      33.5   11.6     76.1
  SNOW DEPTH       0

DEGREE DAYS
 HEATING
  TODAY           14                        11      3        2
  MONTH TO DATE  414                       449    -35      438
  SINCE MAR 1   1375                      1275    100     1505
  SINCE JUL 1   6524                      5873    651     6758

 COOLING
  TODAY            0                         0      0        0
  MONTH TO DATE    0                         0      0        1
  SINCE MAR 1      0                         0      0        1
  SINCE JAN 1      0                         0      0        1
..................................................................


WIND (MPH)
  RESULTANT WIND SPEED   3   RESULTANT WIND DIRECTION  NW (330)
  HIGHEST WIND SPEED    14   HIGHEST WIND DIRECTION     W (270)
  HIGHEST GUST SPEED    16   HIGHEST GUST DIRECTION     W (280)
  AVERAGE WIND SPEED     4.3


SKY COVER
  POSSIBLE SUNSHINE  MM
  AVERAGE SKY COVER 0.6


WEATHER CONDITIONS
 THE FOLLOWING WEATHER WAS RECORDED TODAY.
  NO SIGNIFICANT WEATHER WAS OBSERVED.


RELATIVE HUMIDITY (PERCENT)
 HIGHEST    92           600 AM
 LOWEST     40           300 PM
 AVERAGE    66

..........................................................


THE FORT WAYNE CLIMATE NORMALS FOR TOMORROW
                         NORMAL    RECORD    YEAR
 MAXIMUM TEMPERATURE (F)   67        89      1899
 MINIMUM TEMPERATURE (F)   44        29      2008


SUNRISE AND SUNSET
APRIL 29 2015.........SUNRISE   642 AM EDT   SUNSET   835 PM EDT
APRIL 30 2015.........SUNRISE   640 AM EDT   SUNSET   836 PM EDT


-  INDICATES NEGATIVE NUMBERS.
R  INDICATES RECORD WAS SET OR TIED.
MM INDICATES DATA IS MISSING.
T  INDICATES TRACE AMOUNT.




$$
