000
CDUS43 KIND 260542
CLIGEZ


CLIMATE REPORT
NATIONAL WEATHER SERVICE INDIANAPOLIS IN
140 AM EDT SUN APR 26 2015


...................................

...THE SHELBYVILLE IN CLIMATE SUMMARY FOR APRIL 25 2015...

CLIMATE NORMAL PERIOD 1981 TO 2010
CLIMATE RECORD PERIOD 9999 TO 9999


WEATHER ITEM   OBSERVED TIME   NORMAL DEPARTURE LAST
                VALUE   (LST)  VALUE  FROM      YEAR
                                      NORMAL
......................................................
TEMPERATURE (F)
 YESTERDAY
  MAXIMUM         57   1235 AM  67    -10       69
  MINIMUM         46   1159 PM  45      1       54
  AVERAGE         52            56     -4       62

PRECIPITATION (IN)
  YESTERDAY        0.82          0.17   0.65     0.32
  MONTH TO DATE    4.67          3.40   1.27     4.34
  SINCE MAR 1      8.53          6.83   1.70     6.40
  SINCE JAN 1     11.55         11.58  -0.03    10.28

DEGREE DAYS
 HEATING
  YESTERDAY       13            10      3        3
  MONTH TO DATE  217           334   -117      270
  SINCE MAR 1    987          1054    -67     1088
  SINCE JUL 1   5428          5217    211     5586

 COOLING
  YESTERDAY        0             0      0        0
  MONTH TO DATE    8             0      8        8
  SINCE MAR 1      8             1      7        8
  SINCE JAN 1      8             1      7        8
......................................................


WIND (MPH)
  HIGHEST WIND SPEED    26   HIGHEST WIND DIRECTION     E (80)
  HIGHEST GUST SPEED    33   HIGHEST GUST DIRECTION     E (80)
  AVERAGE WIND SPEED    13.8


SKY COVER
  AVERAGE SKY COVER 1.0


WEATHER CONDITIONS
 THE FOLLOWING WEATHER WAS RECORDED YESTERDAY.
  THUNDERSTORM
  HEAVY RAIN
  RAIN
  LIGHT RAIN
  FOG


RELATIVE HUMIDITY (PERCENT)
 HIGHEST    86          1100 AM
 LOWEST     47          1200 AM
 AVERAGE    67

..........................................................


THE SHELBYVILLE IN CLIMATE NORMALS FOR TODAY
                         NORMAL
 MAXIMUM TEMPERATURE (F)   67
 MINIMUM TEMPERATURE (F)   46


SUNRISE AND SUNSET
APRIL 26 2015.........SUNRISE   651 AM EDT   SUNSET   832 PM EDT
APRIL 27 2015.........SUNRISE   649 AM EDT   SUNSET   833 PM EDT


-  INDICATES NEGATIVE NUMBERS.
R  INDICATES RECORD WAS SET OR TIED.
MM INDICATES DATA IS MISSING.
T  INDICATES TRACE AMOUNT.




$$
